{"id":656,"date":"2023-11-20T12:24:02","date_gmt":"2023-11-20T11:24:02","guid":{"rendered":"https:\/\/ambbudapest.esteri.it\/?page_id=656"},"modified":"2025-10-29T11:47:37","modified_gmt":"2025-10-29T10:47:37","slug":"nyilvantartas","status":"publish","type":"page","link":"https:\/\/ambbudapest.esteri.it\/hu\/servizi-consolari-e-visti\/servizi-per-il-cittadino-italiano\/nyilvantartas\/","title":{"rendered":"Nyilv\u00e1ntart\u00e1s"},"content":{"rendered":"<h3>Mit sz\u00fcks\u00e9ges tenni az A.I.R.E.-be (K\u00fclf\u00f6ld\u00f6n \u00e9l\u0151 olasz \u00e1llampolg\u00e1rok jegyz\u00e9ke) t\u00f6rt\u00e9n\u0151 beiratkoz\u00e1shoz?<\/h3>\n<p>A k\u00fclf\u00f6ld\u00f6n \u00e9l\u0151 olasz \u00e1llampolg\u00e1rok jegyz\u00e9k\u00e9be val\u00f3 beiratkoz\u00e1shoz a k\u00fclf\u00f6ldi orsz\u00e1gba t\u00f6rt\u00e9nt k\u00f6lt\u00f6z\u00e9st k\u00f6vet\u0151en 90 napon bel\u00fcl jelentkezni kell a lakhely szerint illet\u00e9kes konzuli hat\u00f3s\u00e1gn\u00e1l, nyilatkozat t\u00e9tel\u00e9hez. A beiratkoz\u00e1shoz a k\u00f6vetkez\u0151 iratok sz\u00fcks\u00e9gesek:<br \/>\n1.\u00a0\u00e9rv\u00e9nyes olasz szem\u00e9lyigazolv\u00e1ny vagy \u00fatlev\u00e9l (nem az Uni\u00f3hoz tartoz\u00f3 orsz\u00e1gok eset\u00e9ben);<br \/>\n2. a k\u00fclf\u00f6ldi \u00e1lland\u00f3 lakhely igazol\u00e1sa;<br \/>\n3.\u00a0szem\u00e9lyazonoss\u00e1got igazol\u00f3 okm\u00e1ny.\u2028A Konzul\u00e1tus ezt k\u00f6vet\u0151en int\u00e9zkedik az \u00e9rintett olasz \u00f6nkorm\u00e1nyzat \u00e9rtes\u00edt\u00e9s\u00e9r\u0151l (abban az esetben is, ha az illet\u0151 \u00e9rtes\u00edtette m\u00e1r k\u00fclf\u00f6ldre k\u00f6lt\u00f6z\u00e9s\u00e9r\u0151l \u00f6nkorm\u00e1nyzat\u00e1t, az A.I.R.E.-be val\u00f3 felv\u00e9tel csak akkor l\u00e9p \u00e9rv\u00e9nybe, ha az illet\u00e9kes konzul\u00e1tus err\u0151l \u2013 a megfelel\u0151 iratok bemutat\u00e1sa ut\u00e1n \u2013 visszajelz\u00e9st ad).<\/p>\n<h3>Mi\u00e9rt fontos egy k\u00fclf\u00f6ld\u00f6n \u00e9l\u0151 olasz \u00e1llampolg\u00e1r sz\u00e1m\u00e1ra az A.I.R.E.-ba val\u00f3 felv\u00e9tel?<\/h3>\n<p>Az A.I.R.E.-ba val\u00f3 felv\u00e9tel fontos, hogy anyak\u00f6nyvi iratokat \u00e9s m\u00e1s okm\u00e1nyokat kaphassanak valamint, hogy\u00a0 k\u00fclf\u00f6ld\u00f6n is \u00e9lhessenek szavazati jogukkal. Ezek k\u00edv\u00fcl csak az A.I.R.E.-ben szerepl\u0151 \u00e1llampolg\u00e1rok \u00e9lhetnek azokkal a konzul\u00e1tusi szolg\u00e1ltat\u00e1sokkal \u00e9s b\u00fcrokratikus, adminisztr\u00e1ci\u00f3s kedvezm\u00e9nyekkel, melyekhez felt\u00e9tel a k\u00fclf\u00f6ldi lakhely. A k\u00fclf\u00f6ld\u00f6n \u00e9l\u0151 olasz \u00e1llampolg\u00e1r k\u00f6teles a Konzul\u00e1tuson kereszt\u00fcl min\u00e9l el\u0151bb megk\u00fcldeni az illet\u00e9kes olasz \u00f6nkorm\u00e1nyzathoz, melyn\u00e9l az A.I.R.E.-ben regisztr\u00e1l\u00e1sra ker\u00fclt minden csal\u00e1di \u00e1llapotban k\u00fclf\u00f6ld\u00f6n bek\u00f6vetkezett v\u00e1ltoz\u00e1sr\u00f3l sz\u00f3l\u00f3 iratot (sz\u00fclet\u00e9sek, h\u00e1zass\u00e1g, elhal\u00e1loz\u00e1sok), valamint a lakhely v\u00e1ltoz\u00e1sr\u00f3l t\u00f6rt\u00e9n\u0151 \u00e9rtes\u00edt\u00e9st (ez ut\u00f3bbi alapvet\u0151en fontos ahhoz, hogy azonnali \u00e9rtes\u00edt\u00e9st kaphasson b\u00e1rmely v\u00e1laszt\u00e1s, vagy referendum d\u00e1tum\u00e1r\u00f3l).<\/p>\n<h3><\/h3>\n","protected":false},"excerpt":{"rendered":"Mit sz\u00fcks\u00e9ges tenni az A.I.R.E.-be (K\u00fclf\u00f6ld\u00f6n \u00e9l\u0151 olasz \u00e1llampolg\u00e1rok jegyz\u00e9ke) t\u00f6rt\u00e9n\u0151 beiratkoz\u00e1shoz? A k\u00fclf\u00f6ld\u00f6n \u00e9l\u0151 olasz \u00e1llampolg\u00e1rok jegyz\u00e9k\u00e9be val\u00f3 beiratkoz\u00e1shoz a k\u00fclf\u00f6ldi orsz\u00e1gba t\u00f6rt\u00e9nt k\u00f6lt\u00f6z\u00e9st k\u00f6vet\u0151en 90 napon bel\u00fcl jelentkezni kell a lakhely szerint illet\u00e9kes konzuli hat\u00f3s\u00e1gn\u00e1l, nyilatkozat t\u00e9tel\u00e9hez. A beiratkoz\u00e1shoz a k\u00f6vetkez\u0151 iratok sz\u00fcks\u00e9gesek: 1.\u00a0\u00e9rv\u00e9nyes olasz szem\u00e9lyigazolv\u00e1ny vagy \u00fatlev\u00e9l (nem az Uni\u00f3hoz tartoz\u00f3 orsz\u00e1gok [&hellip;]","protected":false},"author":4,"featured_media":0,"parent":190,"menu_order":0,"comment_status":"closed","ping_status":"closed","template":"","meta":{"footnotes":""},"class_list":["post-656","page","type-page","status-publish","hentry"],"_links":{"self":[{"href":"https:\/\/ambbudapest.esteri.it\/hu\/wp-json\/wp\/v2\/pages\/656","targetHints":{"allow":["GET"]}}],"collection":[{"href":"https:\/\/ambbudapest.esteri.it\/hu\/wp-json\/wp\/v2\/pages"}],"about":[{"href":"https:\/\/ambbudapest.esteri.it\/hu\/wp-json\/wp\/v2\/types\/page"}],"author":[{"embeddable":true,"href":"https:\/\/ambbudapest.esteri.it\/hu\/wp-json\/wp\/v2\/users\/4"}],"replies":[{"embeddable":true,"href":"https:\/\/ambbudapest.esteri.it\/hu\/wp-json\/wp\/v2\/comments?post=656"}],"version-history":[{"count":4,"href":"https:\/\/ambbudapest.esteri.it\/hu\/wp-json\/wp\/v2\/pages\/656\/revisions"}],"predecessor-version":[{"id":3523,"href":"https:\/\/ambbudapest.esteri.it\/hu\/wp-json\/wp\/v2\/pages\/656\/revisions\/3523"}],"up":[{"embeddable":true,"href":"https:\/\/ambbudapest.esteri.it\/hu\/wp-json\/wp\/v2\/pages\/190"}],"wp:attachment":[{"href":"https:\/\/ambbudapest.esteri.it\/hu\/wp-json\/wp\/v2\/media?parent=656"}],"curies":[{"name":"wp","href":"https:\/\/api.w.org\/{rel}","templated":true}]}}

Nyilvántartás

<h3>Mit szükséges tenni az A.I.R.E.-be (Külföldön élő olasz állampolgárok jegyzéke) történő beiratkozáshoz?</h3>
<p>A külföldön élő olasz állampolgárok jegyzékébe való beiratkozáshoz a külföldi országba történt költözést követően 90 napon belül jelentkezni kell a lakhely szerint illetékes konzuli hatóságnál, nyilatkozat tételéhez. A beiratkozáshoz a következő iratok szükségesek:<br />
1. érvényes olasz személyigazolvány vagy útlevél (nem az Unióhoz tartozó országok esetében);<br />
2. a külföldi állandó lakhely igazolása;<br />
3. személyazonosságot igazoló okmány. A Konzulátus ezt követően intézkedik az érintett olasz önkormányzat értesítéséről (abban az esetben is, ha az illető értesítette már külföldre költözéséről önkormányzatát, az A.I.R.E.-be való felvétel csak akkor lép érvénybe, ha az illetékes konzulátus erről – a megfelelő iratok bemutatása után – visszajelzést ad).</p>
<h3>Miért fontos egy külföldön élő olasz állampolgár számára az A.I.R.E.-ba való felvétel?</h3>
<p>Az A.I.R.E.-ba való felvétel fontos, hogy anyakönyvi iratokat és más okmányokat kaphassanak valamint, hogy  külföldön is élhessenek szavazati jogukkal. Ezek kívül csak az A.I.R.E.-ben szereplő állampolgárok élhetnek azokkal a konzulátusi szolgáltatásokkal és bürokratikus, adminisztrációs kedvezményekkel, melyekhez feltétel a külföldi lakhely. A külföldön élő olasz állampolgár köteles a Konzulátuson keresztül minél előbb megküldeni az illetékes olasz önkormányzathoz, melynél az A.I.R.E.-ben regisztrálásra került minden családi állapotban külföldön bekövetkezett változásról szóló iratot (születések, házasság, elhalálozások), valamint a lakhely változásról történő értesítést (ez utóbbi alapvetően fontos ahhoz, hogy azonnali értesítést kaphasson bármely választás, vagy referendum dátumáról).</p>
<h3></h3>

Mit szükséges tenni az A.I.R.E.-be (Külföldön élő olasz állampolgárok jegyzéke) történő beiratkozáshoz? A külföldön élő olasz állampolgárok jegyzékébe való beiratkozáshoz a külföldi országba történt költözést követően 90 napon belül jelentkezni kell a lakhely szerint illetékes konzuli hatóságnál, nyilatkozat tételéhez. A beiratkozáshoz a következő iratok szükségesek: 1. érvényes olasz személyigazolvány vagy útlevél (nem az Unióhoz tartozó országok [&hellip;]
