{"id":628,"date":"2023-11-20T12:17:22","date_gmt":"2023-11-20T11:17:22","guid":{"rendered":"https:\/\/ambbudapest.esteri.it\/?page_id=628"},"modified":"2023-11-20T12:20:16","modified_gmt":"2023-11-20T11:20:16","slug":"nemzetkozi-orokbefogadas","status":"publish","type":"page","link":"https:\/\/ambbudapest.esteri.it\/hu\/servizi-consolari-e-visti\/servizi-per-il-cittadino-italiano\/nemzetkozi-orokbefogadas\/","title":{"rendered":"Nemzetk\u00f6zi \u00f6r\u00f6kbefogad\u00e1s"},"content":{"rendered":"<p>A nemzetk\u00f6zi \u00f6r\u00f6kbefogad\u00e1sokat a 476\/98 sz\u00e1m\u00fa t\u00f6rv\u00e9ny \u00e1ltal m\u00f3dos\u00edtott 183\/84 sz\u00e1m\u00fa t\u00f6rv\u00e9ny \u2013 mely az 1993. m\u00e1jus 29.-i H\u00e1g\u00e1ban al\u00e1\u00edrt \u201eKiskor\u00faak v\u00e9delm\u00e9r\u0151l \u00e9s kiskor\u00faak nemzetk\u00f6zi \u00f6r\u00f6kbefogad\u00e1s\u00e1ban t\u00f6rt\u00e9n\u0151 egy\u00fcttm\u0171k\u00f6d\u00e9sr\u0151l\u201d sz\u00f3l\u00f3 Egyezm\u00e9ny ratifik\u00e1l\u00e1sa \u00e9s v\u00e9grehajt\u00e1si utas\u00edt\u00e1sa \u2013 valamint a 2001 \u00e9vi 149. sz\u00e1m\u00fa t\u00f6rv\u00e9ny szab\u00e1lyozza. A H\u00e1gai Egyezm\u00e9ny f\u0151 c\u00e9lja, hogy olyan garanci\u00e1kat \u00e1llap\u00edtson meg, mely szerint a nemzetk\u00f6zi \u00f6r\u00f6kbefogad\u00e1sok a kiskor\u00faak \u00e9rdekeinek maxim\u00e1lis figyelembev\u00e9tel\u00e9vel bonyol\u00f3djanak, a kiskor\u00fa alapvet\u0151 jogainak elismer\u00e9se mellett, melyeket a nemzetk\u00f6zi jog is elismer, \u00e9s olyan egy\u00fcttm\u0171k\u00f6d\u00e9si rendszer l\u00e9trehoz\u00e1sa a szerz\u0151d\u0151 orsz\u00e1gok k\u00f6z\u00f6tt, mely biztos\u00edtja ezen garanci\u00e1k tiszteletben tart\u00e1s\u00e1t, \u00e9s megakad\u00e1lyozza\/megel\u0151zi a kiskor\u00faak ad\u00e1s-v\u00e9tel\u00e9t. M\u00e1ig a k\u00f6vetkez\u0151 orsz\u00e1gok csatlakoztak az Egyezm\u00e9nyhez: Mexik\u00f3, Rom\u00e1nia, Sri Lanka, Ciprus, Lengyelorsz\u00e1g, Spanyolorsz\u00e1g, Equador, Peru, Costa Rica, Burkina Faso, F\u00fcl\u00f6p-szigetek, Kanada, Venezuela, Finnorsz\u00e1g, Sv\u00e9dorsz\u00e1g, D\u00e1nia, Norv\u00e9gia, Hollandia, Franciaorsz\u00e1g, Kolumbia, Ausztr\u00e1lia, El Salvador, Izrael, Braz\u00edlia, Ausztria, Chile, Panama, Olaszorsz\u00e1g, Cseh K\u00f6zt\u00e1rsas\u00e1g, Szlov\u00e1k K\u00f6zt\u00e1rsas\u00e1g, N\u00e9metorsz\u00e1g, Szlov\u00e9nia, Bol\u00edvia, Bulg\u00e1ria, Luxemburg, Sv\u00e1jc, India, Lettorsz\u00e1g, Nagy Britannia, Magyarorsz\u00e1g.<\/p>\n<p>Az \u00f6r\u00f6kbefogad\u00f3 sz\u00fcl\u0151knek a k\u00f6vetkez\u0151 felt\u00e9teleknek kell megfelelni\u00fck:<br \/>\n1. a p\u00e1r legal\u00e1bb h\u00e1rom \u00e9ve \u00e9ljen h\u00e1zass\u00e1gban (megjegyz\u00e9s: legal\u00e1bb h\u00e1rom \u00e9ve tart\u00f3 \u00e9lett\u00e1rsi kapcsolat elfogadott, amennyiben hivatalosan dokument\u00e1lt);<br \/>\n2. a p\u00e1r ne legyen k\u00fcl\u00f6n\u00e9l\u0151;<br \/>\n3. az \u00f6r\u00f6kbefogad\u00f3 sz\u00fcl\u0151k \u00e9letkora legal\u00e1bb 18 \u00e9vvel meghaladnia az \u00f6r\u00f6kbe fogadand\u00f3 gyermek \u00e9letkor\u00e1t, de a kork\u00fcl\u00f6nbs\u00e9g nem lehet t\u00f6bb, mint 45 \u00e9v. (Megjegyz\u00e9s: az \u00f6r\u00f6kbefogad\u00e1s lehets\u00e9ges, amennyiben a maxim\u00e1lis hat\u00e1rt csak az egyik sz\u00fcl\u0151 l\u00e9pi t\u00fal, de nem t\u00f6bb, mint t\u00edz \u00e9vvel.)<br \/>\n4. a sz\u00fcl\u0151 jel\u00f6lteknek nevel\u00e9sre, tan\u00edt\u00e1sra megfelel\u0151 min\u0151s\u00edt\u00e9st kell kapniuk, k\u00e9pesnek kell lenni\u00fck arra, hogy az \u00f6r\u00f6kbe fogadand\u00f3 gyermeket eltarts\u00e1k.<br \/>\nK\u00fclf\u00f6ldi orsz\u00e1g illet\u00e9kes hat\u00f3s\u00e1ga \u00e1ltal olasz \u00e1llampolg\u00e1rok sz\u00e1m\u00e1ra enged\u00e9lyezett \u00f6r\u00f6kbefogad\u00e1s, amennyiben a p\u00e1r folyamatosan legal\u00e1bb k\u00e9t \u00e9ve abban az orsz\u00e1gban lakott, minden tov\u00e1bbi n\u00e9lk\u00fcl elismer\u00e9sre ker\u00fcl az olasz Kiskor\u00faak B\u00edr\u00f3s\u00e1ga \u00e1ltal, mivel az a H\u00e1gai Egyezm\u00e9ny alapelvei k\u00f6z\u00e9 tartozik. Ez esetben az illet\u00e9kes B\u00edr\u00f3s\u00e1g a h\u00e1zasp\u00e1r utols\u00f3 olaszorsz\u00e1gi lakhelye szerint illet\u00e9kes b\u00edr\u00f3s\u00e1g, vagy amennyiben nem lehets\u00e9ges meg\u00e1llap\u00edtani az utols\u00f3 lakhelyet, a R\u00f3mai Kiskor\u00faak B\u00edr\u00f3s\u00e1ga az illet\u00e9kes.<\/p>\n<p><strong>\u00d6r\u00f6kbefogad\u00e1sok k\u00e9relmez\u00e9se<br \/>\n<\/strong>Nemzetk\u00f6zi \u00f6r\u00f6kbefogad\u00e1sok eset\u00e9ben a lakhely szerint illet\u00e9kes Kiskor\u00faak B\u00edr\u00f3s\u00e1g\u00e1hoz kell k\u00e9relmet beny\u00fajtani. A sz\u00fcl\u0151 jel\u00f6lteknek a kancell\u00e1riai hivatalhoz kell a nemzetk\u00f6zi \u00f6r\u00f6kbefogad\u00e1shoz \u201ek\u00e9szs\u00e9gr\u0151l sz\u00f3l\u00f3 nyilatkozatot\u201d beny\u00fajtani. A nyilatkozaton t\u00fal a k\u00f6vetkez\u0151 iratokat kell prezent\u00e1lni:<br \/>\n1. sz\u00fclet\u00e9si bizony\u00edtv\u00e1ny<br \/>\n2. csal\u00e1di \u00e1llapot igazol\u00e1sa<br \/>\n3. saj\u00e1t sz\u00fcl\u0151k r\u00e9sz\u00e9r\u0151l az \u00f6r\u00f6kbefogad\u00e1shoz val\u00f3 hozz\u00e1j\u00e1rul\u00e1s, k\u00f6zjegyz\u0151i okirat form\u00e1j\u00e1ban (halotti anyak\u00f6nyvi kivonat, amennyiben m\u00e1r nem \u00e9lnek);<br \/>\n4. orvosi igazol\u00e1s<br \/>\n5. j\u00f6vedelemigazol\u00e1s: pl. 101. \u0171rlap, vagy 740. \u0171rlap<br \/>\n6. erk\u00f6lcsi bizony\u00edtv\u00e1ny<br \/>\n7. k\u00f6zjegyz\u0151i nyilatkozat, vagy saj\u00e1t felel\u0151ss\u00e9gre tett nyilatkozat, mely szerint a h\u00e1zasp\u00e1r effekt\u00edve egy\u00fctt \u00e9l.<br \/>\nMegjegyz\u00e9s: K\u00fclf\u00f6ld\u00f6n \u00e9l\u0151 olasz \u00e1llampolg\u00e1rok eset\u00e9ben a k\u00e9relem fogad\u00e1s\u00e1ra illet\u00e9kes hat\u00f3s\u00e1g\u00a0 a p\u00e1r utols\u00f3 lakhelye szerint illet\u00e9kes b\u00edr\u00f3s\u00e1g, amennyiben nem l\u00e9tezne utols\u00f3 olaszorsz\u00e1gi lakhely, a R\u00f3mai Kiskor\u00faak B\u00edr\u00f3s\u00e1ga.<\/p>\n","protected":false},"excerpt":{"rendered":"A nemzetk\u00f6zi \u00f6r\u00f6kbefogad\u00e1sokat a 476\/98 sz\u00e1m\u00fa t\u00f6rv\u00e9ny \u00e1ltal m\u00f3dos\u00edtott 183\/84 sz\u00e1m\u00fa t\u00f6rv\u00e9ny \u2013 mely az 1993. m\u00e1jus 29.-i H\u00e1g\u00e1ban al\u00e1\u00edrt \u201eKiskor\u00faak v\u00e9delm\u00e9r\u0151l \u00e9s kiskor\u00faak nemzetk\u00f6zi \u00f6r\u00f6kbefogad\u00e1s\u00e1ban t\u00f6rt\u00e9n\u0151 egy\u00fcttm\u0171k\u00f6d\u00e9sr\u0151l\u201d sz\u00f3l\u00f3 Egyezm\u00e9ny ratifik\u00e1l\u00e1sa \u00e9s v\u00e9grehajt\u00e1si utas\u00edt\u00e1sa \u2013 valamint a 2001 \u00e9vi 149. sz\u00e1m\u00fa t\u00f6rv\u00e9ny szab\u00e1lyozza. A H\u00e1gai Egyezm\u00e9ny f\u0151 c\u00e9lja, hogy olyan garanci\u00e1kat \u00e1llap\u00edtson meg, mely szerint [&hellip;]","protected":false},"author":4,"featured_media":0,"parent":190,"menu_order":2,"comment_status":"closed","ping_status":"closed","template":"","meta":{"footnotes":""},"class_list":["post-628","page","type-page","status-publish","hentry"],"_links":{"self":[{"href":"https:\/\/ambbudapest.esteri.it\/hu\/wp-json\/wp\/v2\/pages\/628","targetHints":{"allow":["GET"]}}],"collection":[{"href":"https:\/\/ambbudapest.esteri.it\/hu\/wp-json\/wp\/v2\/pages"}],"about":[{"href":"https:\/\/ambbudapest.esteri.it\/hu\/wp-json\/wp\/v2\/types\/page"}],"author":[{"embeddable":true,"href":"https:\/\/ambbudapest.esteri.it\/hu\/wp-json\/wp\/v2\/users\/4"}],"replies":[{"embeddable":true,"href":"https:\/\/ambbudapest.esteri.it\/hu\/wp-json\/wp\/v2\/comments?post=628"}],"version-history":[{"count":1,"href":"https:\/\/ambbudapest.esteri.it\/hu\/wp-json\/wp\/v2\/pages\/628\/revisions"}],"predecessor-version":[{"id":630,"href":"https:\/\/ambbudapest.esteri.it\/hu\/wp-json\/wp\/v2\/pages\/628\/revisions\/630"}],"up":[{"embeddable":true,"href":"https:\/\/ambbudapest.esteri.it\/hu\/wp-json\/wp\/v2\/pages\/190"}],"wp:attachment":[{"href":"https:\/\/ambbudapest.esteri.it\/hu\/wp-json\/wp\/v2\/media?parent=628"}],"curies":[{"name":"wp","href":"https:\/\/api.w.org\/{rel}","templated":true}]}}

Nemzetközi örökbefogadás

<p>A nemzetközi örökbefogadásokat a 476/98 számú törvény által módosított 183/84 számú törvény – mely az 1993. május 29.-i Hágában aláírt „Kiskorúak védelméről és kiskorúak nemzetközi örökbefogadásában történő együttműködésről” szóló Egyezmény ratifikálása és végrehajtási utasítása – valamint a 2001 évi 149. számú törvény szabályozza. A Hágai Egyezmény fő célja, hogy olyan garanciákat állapítson meg, mely szerint a nemzetközi örökbefogadások a kiskorúak érdekeinek maximális figyelembevételével bonyolódjanak, a kiskorú alapvető jogainak elismerése mellett, melyeket a nemzetközi jog is elismer, és olyan együttműködési rendszer létrehozása a szerződő országok között, mely biztosítja ezen garanciák tiszteletben tartását, és megakadályozza/megelőzi a kiskorúak adás-vételét. Máig a következő országok csatlakoztak az Egyezményhez: Mexikó, Románia, Sri Lanka, Ciprus, Lengyelország, Spanyolország, Equador, Peru, Costa Rica, Burkina Faso, Fülöp-szigetek, Kanada, Venezuela, Finnország, Svédország, Dánia, Norvégia, Hollandia, Franciaország, Kolumbia, Ausztrália, El Salvador, Izrael, Brazília, Ausztria, Chile, Panama, Olaszország, Cseh Köztársaság, Szlovák Köztársaság, Németország, Szlovénia, Bolívia, Bulgária, Luxemburg, Svájc, India, Lettország, Nagy Britannia, Magyarország.</p>
<p>Az örökbefogadó szülőknek a következő feltételeknek kell megfelelniük:<br />
1. a pár legalább három éve éljen házasságban (megjegyzés: legalább három éve tartó élettársi kapcsolat elfogadott, amennyiben hivatalosan dokumentált);<br />
2. a pár ne legyen különélő;<br />
3. az örökbefogadó szülők életkora legalább 18 évvel meghaladnia az örökbe fogadandó gyermek életkorát, de a korkülönbség nem lehet több, mint 45 év. (Megjegyzés: az örökbefogadás lehetséges, amennyiben a maximális határt csak az egyik szülő lépi túl, de nem több, mint tíz évvel.)<br />
4. a szülő jelölteknek nevelésre, tanításra megfelelő minősítést kell kapniuk, képesnek kell lenniük arra, hogy az örökbe fogadandó gyermeket eltartsák.<br />
Külföldi ország illetékes hatósága által olasz állampolgárok számára engedélyezett örökbefogadás, amennyiben a pár folyamatosan legalább két éve abban az országban lakott, minden további nélkül elismerésre kerül az olasz Kiskorúak Bírósága által, mivel az a Hágai Egyezmény alapelvei közé tartozik. Ez esetben az illetékes Bíróság a házaspár utolsó olaszországi lakhelye szerint illetékes bíróság, vagy amennyiben nem lehetséges megállapítani az utolsó lakhelyet, a Római Kiskorúak Bírósága az illetékes.</p>
<p><strong>Örökbefogadások kérelmezése<br />
</strong>Nemzetközi örökbefogadások esetében a lakhely szerint illetékes Kiskorúak Bíróságához kell kérelmet benyújtani. A szülő jelölteknek a kancelláriai hivatalhoz kell a nemzetközi örökbefogadáshoz „készségről szóló nyilatkozatot” benyújtani. A nyilatkozaton túl a következő iratokat kell prezentálni:<br />
1. születési bizonyítvány<br />
2. családi állapot igazolása<br />
3. saját szülők részéről az örökbefogadáshoz való hozzájárulás, közjegyzői okirat formájában (halotti anyakönyvi kivonat, amennyiben már nem élnek);<br />
4. orvosi igazolás<br />
5. jövedelemigazolás: pl. 101. űrlap, vagy 740. űrlap<br />
6. erkölcsi bizonyítvány<br />
7. közjegyzői nyilatkozat, vagy saját felelősségre tett nyilatkozat, mely szerint a házaspár effektíve együtt él.<br />
Megjegyzés: Külföldön élő olasz állampolgárok esetében a kérelem fogadására illetékes hatóság  a pár utolsó lakhelye szerint illetékes bíróság, amennyiben nem létezne utolsó olaszországi lakhely, a Római Kiskorúak Bírósága.</p>

A nemzetközi örökbefogadásokat a 476/98 számú törvény által módosított 183/84 számú törvény – mely az 1993. május 29.-i Hágában aláírt „Kiskorúak védelméről és kiskorúak nemzetközi örökbefogadásában történő együttműködésről” szóló Egyezmény ratifikálása és végrehajtási utasítása – valamint a 2001 évi 149. számú törvény szabályozza. A Hágai Egyezmény fő célja, hogy olyan garanciákat állapítson meg, mely szerint [&hellip;]
