{"id":445,"date":"2023-11-17T11:25:46","date_gmt":"2023-11-17T10:25:46","guid":{"rendered":"https:\/\/ambbudapest.esteri.it\/?page_id=445"},"modified":"2026-04-01T10:17:11","modified_gmt":"2026-04-01T08:17:11","slug":"konzulatusi-dijak","status":"publish","type":"page","link":"https:\/\/ambbudapest.esteri.it\/hu\/servizi-consolari-e-visti\/servizi-per-il-cittadino-italiano\/konzulatusi-dijak\/","title":{"rendered":"Konzul\u00e1tusi d\u00edjak"},"content":{"rendered":"<p>A konzul\u00e1tusi szolg\u00e1ltat\u00e1sok a t\u00f6rv\u00e9ny \u00e1ltal el\u0151\u00edrt esetekben d\u00edjk\u00f6telesek. A 2026. II. trimeszter\u00e9re vonatkoz\u00f3 d\u00edjszab\u00e1s a k\u00f6vetkez\u0151:<\/p>\n<p><a href=\"https:\/\/ambbudapest.esteri.it\/wp-content\/uploads\/2026\/04\/Copia-di-Tabella-Diritti-Consolari-II-Trim.-2026.pdf\">Konzul\u00e1tusi d\u00edjak<\/a><\/p>\n","protected":false},"excerpt":{"rendered":"A konzul\u00e1tusi szolg\u00e1ltat\u00e1sok a t\u00f6rv\u00e9ny \u00e1ltal el\u0151\u00edrt esetekben d\u00edjk\u00f6telesek. A 2026. II. trimeszter\u00e9re vonatkoz\u00f3 d\u00edjszab\u00e1s a k\u00f6vetkez\u0151: Konzul\u00e1tusi d\u00edjak","protected":false},"author":4,"featured_media":0,"parent":190,"menu_order":0,"comment_status":"closed","ping_status":"closed","template":"","meta":{"footnotes":""},"class_list":["post-445","page","type-page","status-publish","hentry"],"_links":{"self":[{"href":"https:\/\/ambbudapest.esteri.it\/hu\/wp-json\/wp\/v2\/pages\/445","targetHints":{"allow":["GET"]}}],"collection":[{"href":"https:\/\/ambbudapest.esteri.it\/hu\/wp-json\/wp\/v2\/pages"}],"about":[{"href":"https:\/\/ambbudapest.esteri.it\/hu\/wp-json\/wp\/v2\/types\/page"}],"author":[{"embeddable":true,"href":"https:\/\/ambbudapest.esteri.it\/hu\/wp-json\/wp\/v2\/users\/4"}],"replies":[{"embeddable":true,"href":"https:\/\/ambbudapest.esteri.it\/hu\/wp-json\/wp\/v2\/comments?post=445"}],"version-history":[{"count":6,"href":"https:\/\/ambbudapest.esteri.it\/hu\/wp-json\/wp\/v2\/pages\/445\/revisions"}],"predecessor-version":[{"id":4372,"href":"https:\/\/ambbudapest.esteri.it\/hu\/wp-json\/wp\/v2\/pages\/445\/revisions\/4372"}],"up":[{"embeddable":true,"href":"https:\/\/ambbudapest.esteri.it\/hu\/wp-json\/wp\/v2\/pages\/190"}],"wp:attachment":[{"href":"https:\/\/ambbudapest.esteri.it\/hu\/wp-json\/wp\/v2\/media?parent=445"}],"curies":[{"name":"wp","href":"https:\/\/api.w.org\/{rel}","templated":true}]}}

Konzulátusi díjak

<p>A konzulátusi szolgáltatások a törvény által előírt esetekben díjkötelesek. A 2026. II. trimeszterére vonatkozó díjszabás a következő:</p>
<p><a href="https://ambbudapest.esteri.it/wp-content/uploads/2026/04/Copia-di-Tabella-Diritti-Consolari-II-Trim.-2026.pdf">Konzulátusi díjak</a></p>

A konzulátusi szolgáltatások a törvény által előírt esetekben díjkötelesek. A 2026. II. trimeszterére vonatkozó díjszabás a következő: Konzulátusi díjak
