{"id":4196,"date":"2026-01-08T15:06:47","date_gmt":"2026-01-08T14:06:47","guid":{"rendered":"https:\/\/ambbudapest.esteri.it\/?page_id=4196"},"modified":"2026-04-24T09:28:08","modified_gmt":"2026-04-24T07:28:08","slug":"business-insight-from-italy-a-letter-to-international-investors","status":"publish","type":"page","link":"https:\/\/ambbudapest.esteri.it\/hu\/italia-e-ungheria\/diplomazia-economica\/fare-affari-in-italia\/business-insight-from-italy-a-letter-to-international-investors\/","title":{"rendered":"Business insight from Italy \u2013 a letter to international investors"},"content":{"rendered":"<p style=\"text-align: justify;\">A The European House \u2013 Ambrosetti az olasz K\u00fcl\u00fcgyi \u00e9s Nemzetk\u00f6zi Egy\u00fcttm\u0171k\u00f6d\u00e9si Miniszt\u00e9riummal egy\u00fcttm\u0171k\u00f6d\u00e9sben havonta jelenteti meg a \u201eBusiness Insight from Italy \u2013 A letter to International Investors\u201d c\u00edm\u0171 gazdas\u00e1gi h\u00edrlevelet, amely t\u00e1j\u00e9koztat\u00e1st ny\u00fajt a potenci\u00e1lis k\u00fclf\u00f6ldi befektet\u0151k sz\u00e1m\u00e1ra az Olaszorsz\u00e1g \u00e1ltal k\u00edn\u00e1lt lehet\u0151s\u00e9gekr\u0151l \u00e9s a legfontosabb strat\u00e9giai \u00e1gazatokr\u00f3l.<\/p>\n<p><strong>2026<\/strong><\/p>\n<p><a href=\"https:\/\/ambbudapest.esteri.it\/wp-content\/uploads\/2026\/04\/21.-BUSINESS-INSIGHTS-FROM-ITALY-NUMERO-DI-APRILE-2026.pdf\">\u00c1prilis<\/a><\/p>\n<p><a href=\"https:\/\/ambbudapest.esteri.it\/wp-content\/uploads\/2026\/04\/20.-BUSINESS-INSIGHTS-FROM-ITALY-NUMERO-DI-MARZO-2026.pdf\">M\u00e1rcius<\/a><\/p>\n<p><a href=\"https:\/\/ambbudapest.esteri.it\/wp-content\/uploads\/2026\/02\/19.-BUSINESS-INSIGHTS-FROM-ITALY-NUMERO-DI-FEBBRAIO-2026.pdf\">Febru\u00e1r<\/a><\/p>\n<p><a href=\"https:\/\/ambbudapest.esteri.it\/wp-content\/uploads\/2026\/02\/18.-BUSINESS-INSIGHTS-FROM-ITALY-NUMERO-DI-GENNAIO-2026.pdf\">Janu\u00e1r<\/a><\/p>\n<p><strong>2025<\/strong><\/p>\n<p><a href=\"https:\/\/ambbudapest.esteri.it\/wp-content\/uploads\/2026\/01\/17.-BUSINESS-INSIGHTS-FROM-ITALY-NUMERO-DI-DICEMBRE-2025.pdf\">December<\/a><\/p>\n<p><a href=\"https:\/\/ambbudapest.esteri.it\/wp-content\/uploads\/2026\/01\/16.-BUSINESS-INSIGHTS-FROM-ITALY-NUMERO-DI-NOVEMBRE-2025.pdf\">November<\/a><\/p>\n<p><a href=\"https:\/\/ambbudapest.esteri.it\/wp-content\/uploads\/2026\/01\/15.-BUSINESS-INSIGHTS-FROM-ITALY-NUMERO-DI-OTTOBRE-2025.pdf\">Okt\u00f3ber<\/a><\/p>\n<p><a href=\"https:\/\/ambbudapest.esteri.it\/wp-content\/uploads\/2026\/01\/14.-BUSINESS-INSIGHTS-FROM-ITALY-NUMERO-DI-SETTEMBRE-2025.pdf\">Szeptember<\/a><\/p>\n<p><a href=\"https:\/\/ambbudapest.esteri.it\/wp-content\/uploads\/2026\/01\/13.-BUSINESS-INSIGHTS-FROM-ITALY-NUMERO-DI-AGOSTO-2025.pdf\">Augusztus<\/a><\/p>\n<p><a href=\"https:\/\/ambbudapest.esteri.it\/wp-content\/uploads\/2026\/01\/12.-BUSINESS-INSIGHTS-FROM-ITALY-NUMERO-DI-LUGLIO-2025.pdf\">J\u00falius<\/a><\/p>\n<p><a href=\"https:\/\/ambbudapest.esteri.it\/wp-content\/uploads\/2026\/01\/11.-BUSINESS-INSIGHTS-FROM-ITALY-NUMERO-DI-GIUGNO-2025.pdf\">J\u00fanius<\/a><\/p>\n<p><a href=\"https:\/\/ambbudapest.esteri.it\/wp-content\/uploads\/2026\/01\/10.-BUSINESS-INSIGHTS-FROM-ITALY-NUMERO-DI-MAGGIO-2025.pdf\">M\u00e1jus<\/a><\/p>\n<p><a href=\"https:\/\/ambbudapest.esteri.it\/wp-content\/uploads\/2026\/01\/9.-BUSINESS-INSIGHTS-FROM-ITALY-NUMERO-DI-APRILE-2025.pdf\">\u00c1prilis<\/a><\/p>\n<p><a href=\"https:\/\/ambbudapest.esteri.it\/wp-content\/uploads\/2026\/01\/8.-BUSINESS-INSIGHT-FROM-ITALY-NUMERO-DI-MARZO-2025.pdf\">M\u00e1rcius<\/a><\/p>\n<p><a href=\"https:\/\/ambbudapest.esteri.it\/wp-content\/uploads\/2026\/01\/7.-BUSINESS-INSIGHTS-FROM-ITALY-NUMERO-DI-FEBBRAIO-2025.pdf\">Febru\u00e1r<\/a><\/p>\n<p><a href=\"https:\/\/ambbudapest.esteri.it\/wp-content\/uploads\/2026\/01\/6.-BUSINESS-INSIGHTS-FROM-ITALY-NUMERO-DI-GENNAIO-2025.pdf\">Janu\u00e1r<\/a><\/p>\n","protected":false},"excerpt":{"rendered":"A The European House \u2013 Ambrosetti az olasz K\u00fcl\u00fcgyi \u00e9s Nemzetk\u00f6zi Egy\u00fcttm\u0171k\u00f6d\u00e9si Miniszt\u00e9riummal egy\u00fcttm\u0171k\u00f6d\u00e9sben havonta jelenteti meg a \u201eBusiness Insight from Italy \u2013 A letter to International Investors\u201d c\u00edm\u0171 gazdas\u00e1gi h\u00edrlevelet, amely t\u00e1j\u00e9koztat\u00e1st ny\u00fajt a potenci\u00e1lis k\u00fclf\u00f6ldi befektet\u0151k sz\u00e1m\u00e1ra az Olaszorsz\u00e1g \u00e1ltal k\u00edn\u00e1lt lehet\u0151s\u00e9gekr\u0151l \u00e9s a legfontosabb strat\u00e9giai \u00e1gazatokr\u00f3l. 2026 \u00c1prilis M\u00e1rcius Febru\u00e1r Janu\u00e1r 2025 [&hellip;]","protected":false},"author":4,"featured_media":0,"parent":171,"menu_order":0,"comment_status":"closed","ping_status":"closed","template":"","meta":{"footnotes":""},"class_list":["post-4196","page","type-page","status-publish","hentry"],"_links":{"self":[{"href":"https:\/\/ambbudapest.esteri.it\/hu\/wp-json\/wp\/v2\/pages\/4196","targetHints":{"allow":["GET"]}}],"collection":[{"href":"https:\/\/ambbudapest.esteri.it\/hu\/wp-json\/wp\/v2\/pages"}],"about":[{"href":"https:\/\/ambbudapest.esteri.it\/hu\/wp-json\/wp\/v2\/types\/page"}],"author":[{"embeddable":true,"href":"https:\/\/ambbudapest.esteri.it\/hu\/wp-json\/wp\/v2\/users\/4"}],"replies":[{"embeddable":true,"href":"https:\/\/ambbudapest.esteri.it\/hu\/wp-json\/wp\/v2\/comments?post=4196"}],"version-history":[{"count":3,"href":"https:\/\/ambbudapest.esteri.it\/hu\/wp-json\/wp\/v2\/pages\/4196\/revisions"}],"predecessor-version":[{"id":4410,"href":"https:\/\/ambbudapest.esteri.it\/hu\/wp-json\/wp\/v2\/pages\/4196\/revisions\/4410"}],"up":[{"embeddable":true,"href":"https:\/\/ambbudapest.esteri.it\/hu\/wp-json\/wp\/v2\/pages\/171"}],"wp:attachment":[{"href":"https:\/\/ambbudapest.esteri.it\/hu\/wp-json\/wp\/v2\/media?parent=4196"}],"curies":[{"name":"wp","href":"https:\/\/api.w.org\/{rel}","templated":true}]}}

<p style="text-align: justify;">A The European House – Ambrosetti az olasz Külügyi és Nemzetközi Együttműködési Minisztériummal együttműködésben havonta jelenteti meg a „Business Insight from Italy – A letter to International Investors” című gazdasági hírlevelet, amely tájékoztatást nyújt a potenciális külföldi befektetők számára az Olaszország által kínált lehetőségekről és a legfontosabb stratégiai ágazatokról.</p>
<p><strong>2026</strong></p>
<p><a href="https://ambbudapest.esteri.it/wp-content/uploads/2026/04/21.-BUSINESS-INSIGHTS-FROM-ITALY-NUMERO-DI-APRILE-2026.pdf">Április</a></p>
<p><a href="https://ambbudapest.esteri.it/wp-content/uploads/2026/04/20.-BUSINESS-INSIGHTS-FROM-ITALY-NUMERO-DI-MARZO-2026.pdf">Március</a></p>
<p><a href="https://ambbudapest.esteri.it/wp-content/uploads/2026/02/19.-BUSINESS-INSIGHTS-FROM-ITALY-NUMERO-DI-FEBBRAIO-2026.pdf">Február</a></p>
<p><a href="https://ambbudapest.esteri.it/wp-content/uploads/2026/02/18.-BUSINESS-INSIGHTS-FROM-ITALY-NUMERO-DI-GENNAIO-2026.pdf">Január</a></p>
<p><strong>2025</strong></p>
<p><a href="https://ambbudapest.esteri.it/wp-content/uploads/2026/01/17.-BUSINESS-INSIGHTS-FROM-ITALY-NUMERO-DI-DICEMBRE-2025.pdf">December</a></p>
<p><a href="https://ambbudapest.esteri.it/wp-content/uploads/2026/01/16.-BUSINESS-INSIGHTS-FROM-ITALY-NUMERO-DI-NOVEMBRE-2025.pdf">November</a></p>
<p><a href="https://ambbudapest.esteri.it/wp-content/uploads/2026/01/15.-BUSINESS-INSIGHTS-FROM-ITALY-NUMERO-DI-OTTOBRE-2025.pdf">Október</a></p>
<p><a href="https://ambbudapest.esteri.it/wp-content/uploads/2026/01/14.-BUSINESS-INSIGHTS-FROM-ITALY-NUMERO-DI-SETTEMBRE-2025.pdf">Szeptember</a></p>
<p><a href="https://ambbudapest.esteri.it/wp-content/uploads/2026/01/13.-BUSINESS-INSIGHTS-FROM-ITALY-NUMERO-DI-AGOSTO-2025.pdf">Augusztus</a></p>
<p><a href="https://ambbudapest.esteri.it/wp-content/uploads/2026/01/12.-BUSINESS-INSIGHTS-FROM-ITALY-NUMERO-DI-LUGLIO-2025.pdf">Július</a></p>
<p><a href="https://ambbudapest.esteri.it/wp-content/uploads/2026/01/11.-BUSINESS-INSIGHTS-FROM-ITALY-NUMERO-DI-GIUGNO-2025.pdf">Június</a></p>
<p><a href="https://ambbudapest.esteri.it/wp-content/uploads/2026/01/10.-BUSINESS-INSIGHTS-FROM-ITALY-NUMERO-DI-MAGGIO-2025.pdf">Május</a></p>
<p><a href="https://ambbudapest.esteri.it/wp-content/uploads/2026/01/9.-BUSINESS-INSIGHTS-FROM-ITALY-NUMERO-DI-APRILE-2025.pdf">Április</a></p>
<p><a href="https://ambbudapest.esteri.it/wp-content/uploads/2026/01/8.-BUSINESS-INSIGHT-FROM-ITALY-NUMERO-DI-MARZO-2025.pdf">Március</a></p>
<p><a href="https://ambbudapest.esteri.it/wp-content/uploads/2026/01/7.-BUSINESS-INSIGHTS-FROM-ITALY-NUMERO-DI-FEBBRAIO-2025.pdf">Február</a></p>
<p><a href="https://ambbudapest.esteri.it/wp-content/uploads/2026/01/6.-BUSINESS-INSIGHTS-FROM-ITALY-NUMERO-DI-GENNAIO-2025.pdf">Január</a></p>

A The European House – Ambrosetti az olasz Külügyi és Nemzetközi Együttműködési Minisztériummal együttműködésben havonta jelenteti meg a „Business Insight from Italy – A letter to International Investors” című gazdasági hírlevelet, amely tájékoztatást nyújt a potenciális külföldi befektetők számára az Olaszország által kínált lehetőségekről és a legfontosabb stratégiai ágazatokról. 2026 Április Március Február Január 2025 [&hellip;]
