{"id":202,"date":"2023-04-11T18:12:44","date_gmt":"2023-04-11T16:12:44","guid":{"rendered":"https:\/\/ambbudapest.esteri.it\/servizi-consolari-e-visti\/servizi-per-il-cittadino-straniero\/"},"modified":"2026-01-08T11:36:20","modified_gmt":"2026-01-08T10:36:20","slug":"servizi-per-il-cittadino-straniero","status":"publish","type":"page","link":"https:\/\/ambbudapest.esteri.it\/hu\/servizi-consolari-e-visti\/servizi-per-il-cittadino-straniero\/","title":{"rendered":"Szolg\u00e1ltat\u00e1sok k\u00fclf\u00f6ldi \u00e1llampolg\u00e1rok sz\u00e1m\u00e1ra"},"content":{"rendered":"<p>A k\u00fclf\u00f6ldi \u00e1llampolg\u00e1rok sz\u00e1m\u00e1ra a budapesti konzul\u00e1tus a k\u00f6vetkez\u0151 szolg\u00e1ltat\u00e1sokat ny\u00fajtja:<\/p>\n<p><a href=\"https:\/\/ambbudapest.esteri.it\/hu\/servizi-consolari-e-visti\/servizi-per-il-cittadino-straniero\/visti\/\">V\u00edzumok<\/a><\/p>\n<p><a href=\"https:\/\/ambbudapest.esteri.it\/hu\/servizi-consolari-e-visti\/servizi-per-il-cittadino-straniero\/adoazonosito-jel\/\">Ad\u00f3azonos\u00edt\u00f3 jel<\/a><\/p>\n<p><a href=\"https:\/\/ambbudapest.esteri.it\/hu\/servizi-consolari-e-visti\/servizi-per-il-cittadino-straniero\/erteknyilatkozatok\/\">\u00c9rt\u00e9knyilatkozatok<\/a><\/p>\n<p><a href=\"https:\/\/ambbudapest.esteri.it\/hu\/servizi-consolari-e-visti\/servizi-per-il-cittadino-straniero\/visa-for-salaried-employment\/\">Visa for salaried employment<\/a><\/p>\n<p><a href=\"https:\/\/ambbudapest.esteri.it\/hu\/servizi-consolari-e-visti\/servizi-per-il-cittadino-straniero\/university-enrolment-study-visa\/\">University enrolment study visa<\/a><\/p>\n<p><a href=\"https:\/\/ambbudapest.esteri.it\/hu\/servizi-consolari-e-visti\/servizi-per-il-cittadino-straniero\/cittadinanza\/\">\u00c1llampolg\u00e1rs\u00e1g<\/a><\/p>\n<p><a href=\"https:\/\/ambbudapest.esteri.it\/hu\/servizi-consolari-e-visti\/servizi-per-il-cittadino-straniero\/traduzione-e-legalizzazione-dei-documenti\/\">Iratok ford\u00edt\u00e1sa \u00e9s fel\u00fclhiteles\u00edt\u00e9se<\/a><\/p>\n","protected":false},"excerpt":{"rendered":"A k\u00fclf\u00f6ldi \u00e1llampolg\u00e1rok sz\u00e1m\u00e1ra a budapesti konzul\u00e1tus a k\u00f6vetkez\u0151 szolg\u00e1ltat\u00e1sokat ny\u00fajtja: V\u00edzumok Ad\u00f3azonos\u00edt\u00f3 jel \u00c9rt\u00e9knyilatkozatok Visa for salaried employment University enrolment study visa \u00c1llampolg\u00e1rs\u00e1g Iratok ford\u00edt\u00e1sa \u00e9s fel\u00fclhiteles\u00edt\u00e9se","protected":false},"author":1,"featured_media":0,"parent":189,"menu_order":2,"comment_status":"closed","ping_status":"closed","template":"","meta":{"footnotes":""},"class_list":["post-202","page","type-page","status-publish","hentry"],"_links":{"self":[{"href":"https:\/\/ambbudapest.esteri.it\/hu\/wp-json\/wp\/v2\/pages\/202","targetHints":{"allow":["GET"]}}],"collection":[{"href":"https:\/\/ambbudapest.esteri.it\/hu\/wp-json\/wp\/v2\/pages"}],"about":[{"href":"https:\/\/ambbudapest.esteri.it\/hu\/wp-json\/wp\/v2\/types\/page"}],"author":[{"embeddable":true,"href":"https:\/\/ambbudapest.esteri.it\/hu\/wp-json\/wp\/v2\/users\/1"}],"replies":[{"embeddable":true,"href":"https:\/\/ambbudapest.esteri.it\/hu\/wp-json\/wp\/v2\/comments?post=202"}],"version-history":[{"count":3,"href":"https:\/\/ambbudapest.esteri.it\/hu\/wp-json\/wp\/v2\/pages\/202\/revisions"}],"predecessor-version":[{"id":3977,"href":"https:\/\/ambbudapest.esteri.it\/hu\/wp-json\/wp\/v2\/pages\/202\/revisions\/3977"}],"up":[{"embeddable":true,"href":"https:\/\/ambbudapest.esteri.it\/hu\/wp-json\/wp\/v2\/pages\/189"}],"wp:attachment":[{"href":"https:\/\/ambbudapest.esteri.it\/hu\/wp-json\/wp\/v2\/media?parent=202"}],"curies":[{"name":"wp","href":"https:\/\/api.w.org\/{rel}","templated":true}]}}

Szolgáltatások külföldi állampolgárok számára

<p>A külföldi állampolgárok számára a budapesti konzulátus a következő szolgáltatásokat nyújtja:</p>
<p><a href="https://ambbudapest.esteri.it/hu/servizi-consolari-e-visti/servizi-per-il-cittadino-straniero/visti/">Vízumok</a></p>
<p><a href="https://ambbudapest.esteri.it/hu/servizi-consolari-e-visti/servizi-per-il-cittadino-straniero/adoazonosito-jel/">Adóazonosító jel</a></p>
<p><a href="https://ambbudapest.esteri.it/hu/servizi-consolari-e-visti/servizi-per-il-cittadino-straniero/erteknyilatkozatok/">Értéknyilatkozatok</a></p>
<p><a href="https://ambbudapest.esteri.it/hu/servizi-consolari-e-visti/servizi-per-il-cittadino-straniero/visa-for-salaried-employment/">Visa for salaried employment</a></p>
<p><a href="https://ambbudapest.esteri.it/hu/servizi-consolari-e-visti/servizi-per-il-cittadino-straniero/university-enrolment-study-visa/">University enrolment study visa</a></p>
<p><a href="https://ambbudapest.esteri.it/hu/servizi-consolari-e-visti/servizi-per-il-cittadino-straniero/cittadinanza/">Állampolgárság</a></p>
<p><a href="https://ambbudapest.esteri.it/hu/servizi-consolari-e-visti/servizi-per-il-cittadino-straniero/traduzione-e-legalizzazione-dei-documenti/">Iratok fordítása és felülhitelesítése</a></p>

A külföldi állampolgárok számára a budapesti konzulátus a következő szolgáltatásokat nyújtja: Vízumok Adóazonosító jel Értéknyilatkozatok Visa for salaried employment University enrolment study visa Állampolgárság Iratok fordítása és felülhitelesítése
