{"id":200,"date":"2023-04-11T18:20:37","date_gmt":"2023-04-11T16:20:37","guid":{"rendered":"https:\/\/ambbudapest.esteri.it\/servizi-consolari-e-visti\/servizi-per-il-cittadino-italiano\/albo-consolare-e-altri-servizi\/"},"modified":"2025-11-05T15:26:54","modified_gmt":"2025-11-05T14:26:54","slug":"albo-consolare-e-altri-servizi","status":"publish","type":"page","link":"https:\/\/ambbudapest.esteri.it\/hu\/servizi-consolari-e-visti\/servizi-per-il-cittadino-italiano\/albo-consolare-e-altri-servizi\/","title":{"rendered":"Konzuli nyilv\u00e1ntart\u00e1s \u00e9s egy\u00e9b szolg\u00e1ltat\u00e1sok"},"content":{"rendered":"<header class=\"entry-header\"><strong>CSAL\u00c1DI \u00c1LLAPOT<\/strong><\/p>\n<p>H\u00e1zass\u00e1g k\u00f6t\u00e9si hirdetm\u00e9nyek (<strong><a class=\"\" href=\"https:\/\/ambbudapest.esteri.it\/it\/servizi-consolari-e-visti\/servizi-per-il-cittadino-italiano\/albo-consolare-e-altri-servizi\/pubblicazioni-albo-consolare\/\" target=\"_blank\" rel=\"noopener\" data-focus-mouse=\"false\">LINK<\/a><\/strong>)<\/p>\n<p>N\u00e9v\/vezet\u00e9kn\u00e9v megv\u00e1ltoztat\u00e1s ir\u00e1nti k\u00e9relmek (<a href=\"https:\/\/ambbudapest.esteri.it\/it\/servizi-consolari-e-visti\/servizi-per-il-cittadino-italiano\/albo-consolare-e-altri-servizi\/pubblicazioni-albo-consolare\/\" target=\"_blank\" rel=\"noopener\"><strong>LINK<\/strong><\/a>)<\/p>\n<p>&nbsp;<\/p>\n<p><strong>KONZUL\u00c1TUSI SZOLG\u00c1LTAT\u00c1SOK \u00c9S FELADATOK<\/strong><\/p>\n<p>Konzuli d\u00edjak t\u00e1bl\u00e1zata (<a href=\"https:\/\/ambbudapest.esteri.it\/hu\/servizi-consolari-e-visti\/servizi-per-il-cittadino-italiano\/konzulatusi-dijak\/\">LINK<\/a>)<\/p>\n<p>&nbsp;<\/p>\n<p><strong>HIRDETM\u00c9NYEK<\/strong><\/p>\n<p class=\"entry-title h3\"><a href=\"https:\/\/ambbudapest.esteri.it\/hu\/news\/dall_ambasciata\/2025\/10\/reszveteli-felhivas-kulonfele-szolgalatatasok-nyujtasara\/\">R\u00e9szv\u00e9teli felh\u00edv\u00e1s k\u00fcl\u00f6nf\u00e9le szolg\u00e1latat\u00e1sok ny\u00fajt\u00e1s\u00e1ra \u2013 hat\u00e1rid\u0151: 2025.11.21.<\/a><\/p>\n<p>&nbsp;<\/p>\n<p><strong>FELV\u00c9TELI ELJ\u00c1R\u00c1SOK (<a href=\"https:\/\/ambbudapest.esteri.it\/it\/amministrazione-trasparente\/bandi-di-concorso\/\">LINK<\/a>)<\/strong><\/p>\n<\/header>\n<div class=\"entry-content\">\n<p>&nbsp;<\/p>\n<p><strong>COMITES (<a href=\"https:\/\/ambbudapest.esteri.it\/it\/italia-e-ungheria\/cooperazione-allo-sviluppo\/914-2\/\">LINK<\/a>)<\/strong><\/p>\n<p>&nbsp;<\/p>\n<\/div>\n","protected":false},"excerpt":{"rendered":"CSAL\u00c1DI \u00c1LLAPOT H\u00e1zass\u00e1g k\u00f6t\u00e9si hirdetm\u00e9nyek (LINK) N\u00e9v\/vezet\u00e9kn\u00e9v megv\u00e1ltoztat\u00e1s ir\u00e1nti k\u00e9relmek (LINK) &nbsp; KONZUL\u00c1TUSI SZOLG\u00c1LTAT\u00c1SOK \u00c9S FELADATOK Konzuli d\u00edjak t\u00e1bl\u00e1zata (LINK) &nbsp; HIRDETM\u00c9NYEK R\u00e9szv\u00e9teli felh\u00edv\u00e1s k\u00fcl\u00f6nf\u00e9le szolg\u00e1latat\u00e1sok ny\u00fajt\u00e1s\u00e1ra \u2013 hat\u00e1rid\u0151: 2025.11.21. &nbsp; FELV\u00c9TELI ELJ\u00c1R\u00c1SOK (LINK) &nbsp; COMITES (LINK) &nbsp;","protected":false},"author":1,"featured_media":0,"parent":190,"menu_order":20,"comment_status":"closed","ping_status":"closed","template":"","meta":{"footnotes":""},"class_list":["post-200","page","type-page","status-publish","hentry"],"_links":{"self":[{"href":"https:\/\/ambbudapest.esteri.it\/hu\/wp-json\/wp\/v2\/pages\/200","targetHints":{"allow":["GET"]}}],"collection":[{"href":"https:\/\/ambbudapest.esteri.it\/hu\/wp-json\/wp\/v2\/pages"}],"about":[{"href":"https:\/\/ambbudapest.esteri.it\/hu\/wp-json\/wp\/v2\/types\/page"}],"author":[{"embeddable":true,"href":"https:\/\/ambbudapest.esteri.it\/hu\/wp-json\/wp\/v2\/users\/1"}],"replies":[{"embeddable":true,"href":"https:\/\/ambbudapest.esteri.it\/hu\/wp-json\/wp\/v2\/comments?post=200"}],"version-history":[{"count":3,"href":"https:\/\/ambbudapest.esteri.it\/hu\/wp-json\/wp\/v2\/pages\/200\/revisions"}],"predecessor-version":[{"id":3712,"href":"https:\/\/ambbudapest.esteri.it\/hu\/wp-json\/wp\/v2\/pages\/200\/revisions\/3712"}],"up":[{"embeddable":true,"href":"https:\/\/ambbudapest.esteri.it\/hu\/wp-json\/wp\/v2\/pages\/190"}],"wp:attachment":[{"href":"https:\/\/ambbudapest.esteri.it\/hu\/wp-json\/wp\/v2\/media?parent=200"}],"curies":[{"name":"wp","href":"https:\/\/api.w.org\/{rel}","templated":true}]}}

Konzuli nyilvántartás és egyéb szolgáltatások

<header class="entry-header"><strong>CSALÁDI ÁLLAPOT</strong></p>
<p>Házasság kötési hirdetmények (<strong><a class="" href="https://ambbudapest.esteri.it/it/servizi-consolari-e-visti/servizi-per-il-cittadino-italiano/albo-consolare-e-altri-servizi/pubblicazioni-albo-consolare/" target="_blank" rel="noopener" data-focus-mouse="false">LINK</a></strong>)</p>
<p>Név/vezetéknév megváltoztatás iránti kérelmek (<a href="https://ambbudapest.esteri.it/it/servizi-consolari-e-visti/servizi-per-il-cittadino-italiano/albo-consolare-e-altri-servizi/pubblicazioni-albo-consolare/" target="_blank" rel="noopener"><strong>LINK</strong></a>)</p>
<p>&nbsp;</p>
<p><strong>KONZULÁTUSI SZOLGÁLTATÁSOK ÉS FELADATOK</strong></p>
<p>Konzuli díjak táblázata (<a href="https://ambbudapest.esteri.it/hu/servizi-consolari-e-visti/servizi-per-il-cittadino-italiano/konzulatusi-dijak/">LINK</a>)</p>
<p>&nbsp;</p>
<p><strong>HIRDETMÉNYEK</strong></p>
<p class="entry-title h3"><a href="https://ambbudapest.esteri.it/hu/news/dall_ambasciata/2025/10/reszveteli-felhivas-kulonfele-szolgalatatasok-nyujtasara/">Részvételi felhívás különféle szolgálatatások nyújtására – határidő: 2025.11.21.</a></p>
<p>&nbsp;</p>
<p><strong>FELVÉTELI ELJÁRÁSOK (<a href="https://ambbudapest.esteri.it/it/amministrazione-trasparente/bandi-di-concorso/">LINK</a>)</strong></p>
</header>
<div class="entry-content">
<p>&nbsp;</p>
<p><strong>COMITES (<a href="https://ambbudapest.esteri.it/it/italia-e-ungheria/cooperazione-allo-sviluppo/914-2/">LINK</a>)</strong></p>
<p>&nbsp;</p>
</div>

CSALÁDI ÁLLAPOT Házasság kötési hirdetmények (LINK) Név/vezetéknév megváltoztatás iránti kérelmek (LINK) &nbsp; KONZULÁTUSI SZOLGÁLTATÁSOK ÉS FELADATOK Konzuli díjak táblázata (LINK) &nbsp; HIRDETMÉNYEK Részvételi felhívás különféle szolgálatatások nyújtására – határidő: 2025.11.21. &nbsp; FELVÉTELI ELJÁRÁSOK (LINK) &nbsp; COMITES (LINK) &nbsp;
