{"id":189,"date":"2023-04-11T17:08:57","date_gmt":"2023-04-11T15:08:57","guid":{"rendered":"https:\/\/ambbudapest.esteri.it\/servizi-consolari-e-visti\/"},"modified":"2025-02-07T13:01:14","modified_gmt":"2025-02-07T12:01:14","slug":"servizi-consolari-e-visti","status":"publish","type":"page","link":"https:\/\/ambbudapest.esteri.it\/hu\/servizi-consolari-e-visti\/","title":{"rendered":"Konzuli szolg\u00e1ltat\u00e1sok \u00e9s v\u00edzumok"},"content":{"rendered":"<p>Ha Magyarorsz\u00e1gon \u00e9l\u0151 olasz \u00e1llampolg\u00e1r, vagy olyan magyar \u00e1llampolg\u00e1r vagy, aki Olaszorsz\u00e1gban szeretne valamilyen tev\u00e9kenys\u00e9get folytatni, sz\u00fcks\u00e9ged lehet a Budapesti Olasz Nagyk\u00f6vets\u00e9g konzul\u00e1tus\u00e1nak szolg\u00e1ltat\u00e1saira.<\/p>\n<p>A konzul\u00e1tus k\u00fcl\u00f6nb\u00f6z\u0151 esetekben ny\u00fajt seg\u00edts\u00e9get olasz \u00e1llampolg\u00e1roknak. P\u00e9ld\u00e1ul: alapvet\u0151 jogaik megs\u00e9rt\u00e9se, letart\u00f3ztat\u00e1s vagy fogva tart\u00e1s, v\u00e1ls\u00e1ghelyzetekben ad\u00f3d\u00f3 v\u00e9szhelyzetek, csal\u00e1dtagok felkutat\u00e1sa, elveszett vagy ellopott \u00fatlev\u00e9l est\u00e9n \u00fati okm\u00e1nyok ki\u00e1ll\u00edt\u00e1sa, f\u00f6ldi maradv\u00e1nyok hazasz\u00e1ll\u00edt\u00e1sa kapcs\u00e1n.<\/p>\n<p>A konzuli szolg\u00e1ltat\u00e1sokat az egyenl\u0151s\u00e9g, a p\u00e1rtatlans\u00e1g, a hat\u00e9konys\u00e1g \u00e9s az \u00e1tl\u00e1that\u00f3s\u00e1g elveinek megfelel\u0151en ny\u00fajtjuk. Bizonyos jogok gyakorl\u00e1sa \u00e9s bizonyos szolg\u00e1ltat\u00e1sokhoz val\u00f3 hozz\u00e1f\u00e9r\u00e9s csak azokra az olaszokra korl\u00e1toz\u00f3dik, akik feliratkoztak a K\u00fclf\u00f6ld\u00f6n \u00c9l\u0151 Olaszok Nyilv\u00e1ntart\u00e1s\u00e1ba (AIRE), amely feliratkoz\u00e1s az 1988. \u00e9vi 470. sz. t\u00f6rv\u00e9ny \u00e9rtelm\u00e9ben k\u00f6telez\u0151.<\/p>\n<p>\u00c9rtes\u00edtj\u00fck a Konzuli Hivatal \u00fcgyfeleit, hogy az \u00e1llampolg\u00e1rs\u00e1g-, \u00fatlev\u00e9l-, v\u00edzum- \u00e9s szem\u00e9lyi igazolv\u00e1nyk\u00e9relmekhez kiz\u00e1r\u00f3lag a <a href=\"https:\/\/prenotami.esteri.it\/\">Prenot@Mi<\/a> port\u00e1lon kereszt\u00fcl foglalhat\u00f3k id\u0151pontok. Tov\u00e1bbi t\u00e1j\u00e9koztat\u00e1s\u00e9rt a <a href=\"mailto:consolare.budapest@esteri.it\">consolare.budapest@esteri.it<\/a> c\u00edmre \u00edrhatnak.<\/p>\n<p><strong>Konzul\u00e1tus<\/strong><\/p>\n<p>C\u00edm:<br \/>\nJ\u00e1vor u. 4.<br \/>\n1145 Budapest<br \/>\n<a href=\"http:\/\/maps.google.com\/maps?f=q&amp;hl=it&amp;geocode=&amp;time=&amp;date=&amp;ttype=&amp;q=Budapest,%20J%C3%A1vor%20utca%204&amp;sll=47.509432,19.094388&amp;sspn=0.00687,0.014591&amp;ie=UTF8&amp;ll=47.509983,19.094646&amp;spn=0.00687,0.014591&amp;z=16&amp;iwloc=addr&amp;om=0\">Mutasd a t\u00e9rk\u00e9pet Google Maps-en<\/a><\/p>\n<p><strong>\u00dcgyf\u00e9lfogad\u00e1si id\u0151<\/strong><\/p>\n<p>H\u00e9tf\u0151 \u2013 Kedd \u2013 Cs\u00fct\u00f6rt\u00f6k \u2013 P\u00e9ntek: 09.00\u201312.00<br \/>\nH\u00e9tf\u0151: 13:30-15:30<br \/>\nSzerda: Z\u00c1RVA<\/p>\n","protected":false},"excerpt":{"rendered":"Ha Magyarorsz\u00e1gon \u00e9l\u0151 olasz \u00e1llampolg\u00e1r, vagy olyan magyar \u00e1llampolg\u00e1r vagy, aki Olaszorsz\u00e1gban szeretne valamilyen tev\u00e9kenys\u00e9get folytatni, sz\u00fcks\u00e9ged lehet a Budapesti Olasz Nagyk\u00f6vets\u00e9g konzul\u00e1tus\u00e1nak szolg\u00e1ltat\u00e1saira. A konzul\u00e1tus k\u00fcl\u00f6nb\u00f6z\u0151 esetekben ny\u00fajt seg\u00edts\u00e9get olasz \u00e1llampolg\u00e1roknak. P\u00e9ld\u00e1ul: alapvet\u0151 jogaik megs\u00e9rt\u00e9se, letart\u00f3ztat\u00e1s vagy fogva tart\u00e1s, v\u00e1ls\u00e1ghelyzetekben ad\u00f3d\u00f3 v\u00e9szhelyzetek, csal\u00e1dtagok felkutat\u00e1sa, elveszett vagy ellopott \u00fatlev\u00e9l est\u00e9n \u00fati okm\u00e1nyok ki\u00e1ll\u00edt\u00e1sa, f\u00f6ldi maradv\u00e1nyok [&hellip;]","protected":false},"author":1,"featured_media":0,"parent":0,"menu_order":6,"comment_status":"closed","ping_status":"closed","template":"","meta":{"footnotes":""},"class_list":["post-189","page","type-page","status-publish","hentry"],"_links":{"self":[{"href":"https:\/\/ambbudapest.esteri.it\/hu\/wp-json\/wp\/v2\/pages\/189","targetHints":{"allow":["GET"]}}],"collection":[{"href":"https:\/\/ambbudapest.esteri.it\/hu\/wp-json\/wp\/v2\/pages"}],"about":[{"href":"https:\/\/ambbudapest.esteri.it\/hu\/wp-json\/wp\/v2\/types\/page"}],"author":[{"embeddable":true,"href":"https:\/\/ambbudapest.esteri.it\/hu\/wp-json\/wp\/v2\/users\/1"}],"replies":[{"embeddable":true,"href":"https:\/\/ambbudapest.esteri.it\/hu\/wp-json\/wp\/v2\/comments?post=189"}],"version-history":[{"count":5,"href":"https:\/\/ambbudapest.esteri.it\/hu\/wp-json\/wp\/v2\/pages\/189\/revisions"}],"predecessor-version":[{"id":2863,"href":"https:\/\/ambbudapest.esteri.it\/hu\/wp-json\/wp\/v2\/pages\/189\/revisions\/2863"}],"wp:attachment":[{"href":"https:\/\/ambbudapest.esteri.it\/hu\/wp-json\/wp\/v2\/media?parent=189"}],"curies":[{"name":"wp","href":"https:\/\/api.w.org\/{rel}","templated":true}]}}

Konzuli szolgáltatások és vízumok

<p>Ha Magyarországon élő olasz állampolgár, vagy olyan magyar állampolgár vagy, aki Olaszországban szeretne valamilyen tevékenységet folytatni, szükséged lehet a Budapesti Olasz Nagykövetség konzulátusának szolgáltatásaira.</p>
<p>A konzulátus különböző esetekben nyújt segítséget olasz állampolgároknak. Például: alapvető jogaik megsértése, letartóztatás vagy fogva tartás, válsághelyzetekben adódó vészhelyzetek, családtagok felkutatása, elveszett vagy ellopott útlevél estén úti okmányok kiállítása, földi maradványok hazaszállítása kapcsán.</p>
<p>A konzuli szolgáltatásokat az egyenlőség, a pártatlanság, a hatékonyság és az átláthatóság elveinek megfelelően nyújtjuk. Bizonyos jogok gyakorlása és bizonyos szolgáltatásokhoz való hozzáférés csak azokra az olaszokra korlátozódik, akik feliratkoztak a Külföldön Élő Olaszok Nyilvántartásába (AIRE), amely feliratkozás az 1988. évi 470. sz. törvény értelmében kötelező.</p>
<p>Értesítjük a Konzuli Hivatal ügyfeleit, hogy az állampolgárság-, útlevél-, vízum- és személyi igazolványkérelmekhez kizárólag a <a href="https://prenotami.esteri.it/">Prenot@Mi</a> portálon keresztül foglalhatók időpontok. További tájékoztatásért a <a href="mailto:consolare.budapest@esteri.it">consolare.budapest@esteri.it</a> címre írhatnak.</p>
<p><strong>Konzulátus</strong></p>
<p>Cím:<br />
Jávor u. 4.<br />
1145 Budapest<br />
<a href="http://maps.google.com/maps?f=q&amp;hl=it&amp;geocode=&amp;time=&amp;date=&amp;ttype=&amp;q=Budapest,%20J%C3%A1vor%20utca%204&amp;sll=47.509432,19.094388&amp;sspn=0.00687,0.014591&amp;ie=UTF8&amp;ll=47.509983,19.094646&amp;spn=0.00687,0.014591&amp;z=16&amp;iwloc=addr&amp;om=0">Mutasd a térképet Google Maps-en</a></p>
<p><strong>Ügyfélfogadási idő</strong></p>
<p>Hétfő – Kedd – Csütörtök – Péntek: 09.00–12.00<br />
Hétfő: 13:30-15:30<br />
Szerda: ZÁRVA</p>

Ha Magyarországon élő olasz állampolgár, vagy olyan magyar állampolgár vagy, aki Olaszországban szeretne valamilyen tevékenységet folytatni, szükséged lehet a Budapesti Olasz Nagykövetség konzulátusának szolgáltatásaira. A konzulátus különböző esetekben nyújt segítséget olasz állampolgároknak. Például: alapvető jogaik megsértése, letartóztatás vagy fogva tartás, válsághelyzetekben adódó vészhelyzetek, családtagok felkutatása, elveszett vagy ellopott útlevél estén úti okmányok kiállítása, földi maradványok [&hellip;]
