{"id":187,"date":"2023-04-11T17:08:52","date_gmt":"2023-04-11T15:08:52","guid":{"rendered":"https:\/\/ambbudapest.esteri.it\/italia-e-ungheria\/"},"modified":"2025-11-12T10:29:52","modified_gmt":"2025-11-12T09:29:52","slug":"italia-e-ungheria","status":"publish","type":"page","link":"https:\/\/ambbudapest.esteri.it\/hu\/italia-e-ungheria\/","title":{"rendered":"Olaszorsz\u00e1g \u00e9s Magyarorsz\u00e1g"},"content":{"rendered":"<p style=\"text-align: justify;\">Olaszorsz\u00e1g \u00e9s Magyarorsz\u00e1g kiv\u00e1l\u00f3 k\u00e9toldal\u00fa kapcsolatokkal b\u00fcszk\u00e9lkedhet. 2010. j\u00fanius 16-\u00e1n Budapesten strat\u00e9giai partners\u00e9gr\u0151l sz\u00f3l\u00f3 nyilatkozatot \u00edrt al\u00e1 az olasz \u00e9s a magyar k\u00fcl\u00fcgyminiszter, amelyben meghat\u00e1rozt\u00e1k azokat a ter\u00fcleteket (politikai, gazdas\u00e1gi, t\u00e1rsadalmi \u00e9s kultur\u00e1lis), amelyeken tov\u00e1bb lehet fejleszteni a k\u00e9t orsz\u00e1g k\u00f6z\u00f6tti egy\u00fcttm\u0171k\u00f6d\u00e9st, \u00e9s amelyben el\u0151ir\u00e1nyozt\u00e1k a politikai \u00e9s magas rang\u00fa tisztvisel\u0151k k\u00f6z\u00f6tti rendszeres konzult\u00e1ci\u00f3kat.<\/p>\n<p style=\"text-align: justify;\">A legut\u00f3bbi politikai kapcsolatok k\u00f6z\u00f6tt megeml\u00edtend\u0151 a 2022. december 23-i tal\u00e1lkoz\u00f3 Guido Crosetto v\u00e9delmi miniszter \u00e9s magyar koll\u00e9g\u00e1ja, Szalay-Bobrovniczky Krist\u00f3f k\u00f6z\u00f6tt, amelyre a NATO \u201eEnhanced Vigilance Activity\u201d keret\u00e9ben Veszpr\u00e9mben \u00e1llom\u00e1soz\u00f3, t\u00f6bb mint 250 f\u0151s olasz kontingens megl\u00e1togat\u00e1sa alkalm\u00e1b\u00f3l ker\u00fclt sor. A kontingenst 2024. december 24-\u00e9n Isabella Rauti honv\u00e9delmi \u00e1llamtitk\u00e1r is megl\u00e1togatta. \u00c1llamf\u0151i szinten 2023. janu\u00e1r 31-\u00e9n Sergio Mattarella k\u00f6zt\u00e1rsas\u00e1gi eln\u00f6k hivatalos l\u00e1togat\u00e1son fogadta R\u00f3m\u00e1ban Katalin Nov\u00e1k akkori k\u00f6zt\u00e1rsas\u00e1gi eln\u00f6k\u00f6t. A nemzetk\u00f6zi kapcsolatok dimenzi\u00f3j\u00e1t illet\u0151en Antonio Tajani k\u00fcl\u00fcgyminiszter \u00e9s minisztereln\u00f6k-helyettes 2024. febru\u00e1r 28-\u00e1n R\u00f3m\u00e1ban tal\u00e1lkozott Szijj\u00e1rt\u00f3 P\u00e9ter k\u00fclgazdas\u00e1gi \u00e9s k\u00fcl\u00fcgyminiszterrel; k\u00e9s\u0151bb, 2024. j\u00fanius 24-\u00e9n a k\u00e9t miniszter r\u00f6vid megbesz\u00e9l\u00e9st folytatott Luxemburgban, a K\u00fcl\u00fcgyek Tan\u00e1cs\u00e1nak \u00fcl\u00e9se alkalm\u00e1val. Korm\u00e1nyf\u0151i szinten Giorgia Meloni minisztereln\u00f6k 2023. szeptember 14-\u00e9n Budapestre l\u00e1togatott a Demogr\u00e1fiai Cs\u00facstal\u00e1lkoz\u00f3 alkalm\u00e1b\u00f3l, ahol megbesz\u00e9l\u00e9st folytatott Orb\u00e1n Viktor minisztereln\u00f6kkel. Tov\u00e1bbi tal\u00e1lkoz\u00f3k is k\u00f6vett\u00e9k ezt, legut\u00f3bb 2025. okt\u00f3ber 27-\u00e9n R\u00f3m\u00e1ban.<\/p>\n<p style=\"text-align: justify;\">A parlamenti egy\u00fcttm\u0171k\u00f6d\u00e9st illet\u0151en kiemelend\u0151, hogy nemr\u00e9giben megalakult a magyar Orsz\u00e1ggy\u0171l\u00e9sben a 22 k\u00e9pvisel\u0151b\u0151l \u00e1ll\u00f3 Magyar-Olasz Bar\u00e1ti Csoport, amelyet (a Fidesz vezette korm\u00e1nyp\u00e1rti t\u00f6bbs\u00e9g koal\u00edci\u00f3s partner\u00e9nek, a Kereszt\u00e9nydemokrata N\u00e9pp\u00e1rtnak tagja) Nacsa L\u0151rinc eln\u00f6k\u00f6l.<\/p>\n<p style=\"text-align: justify;\">Az olasz gazdas\u00e1gi kapcsolatok el\u0151mozd\u00edt\u00e1s\u00e1t Magyarorsz\u00e1gon a Budapesten m\u0171k\u00f6d\u0151 ICE \u00dcgyn\u00f6ks\u00e9g l\u00e1tja el, amely l\u00e9trehozott egy Struktur\u00e1lis Alapok oszt\u00e1lyt az olasz v\u00e1llalatok az orsz\u00e1gban el\u00e9rhet\u0151, eur\u00f3pai uni\u00f3s forr\u00e1sokhoz kapcsol\u00f3d\u00f3 \u00fczleti lehet\u0151s\u00e9gekr\u0151l val\u00f3 t\u00e1j\u00e9koztat\u00e1sa \u00e9rdek\u00e9ben.<\/p>\n<p style=\"text-align: justify;\">Az olasz\u2013magyar kultur\u00e1lis kapcsolatok hagyom\u00e1nyosan rendk\u00edv\u00fcl \u00e9l\u00e9nkek. A k\u00e9toldal\u00fa egy\u00fcttm\u0171k\u00f6d\u00e9st az 1965-ben al\u00e1\u00edrt Kultur\u00e1lis Egy\u00fcttm\u0171k\u00f6d\u00e9si Egyezm\u00e9ny szab\u00e1lyozza. Ez az egyezm\u00e9ny az 1937-ben alap\u00edtott Budapesti Olasz Kult\u00farint\u00e9zetet \u00e9s a R\u00f3mai Magyar Akad\u00e9mi\u00e1t jel\u00f6li meg a k\u00e9t orsz\u00e1g k\u00f6z\u00f6tti kultur\u00e1lis kapcsolatok fejleszt\u00e9s\u00e9\u00e9rt \u00e9s el\u0151mozd\u00edt\u00e1s\u00e1\u00e9rt felel\u0151s legfontosabb int\u00e9zm\u00e9nyek\u00e9nt.<\/p>\n","protected":false},"excerpt":{"rendered":"Olaszorsz\u00e1g \u00e9s Magyarorsz\u00e1g kiv\u00e1l\u00f3 k\u00e9toldal\u00fa kapcsolatokkal b\u00fcszk\u00e9lkedhet. 2010. j\u00fanius 16-\u00e1n Budapesten strat\u00e9giai partners\u00e9gr\u0151l sz\u00f3l\u00f3 nyilatkozatot \u00edrt al\u00e1 az olasz \u00e9s a magyar k\u00fcl\u00fcgyminiszter, amelyben meghat\u00e1rozt\u00e1k azokat a ter\u00fcleteket (politikai, gazdas\u00e1gi, t\u00e1rsadalmi \u00e9s kultur\u00e1lis), amelyeken tov\u00e1bb lehet fejleszteni a k\u00e9t orsz\u00e1g k\u00f6z\u00f6tti egy\u00fcttm\u0171k\u00f6d\u00e9st, \u00e9s amelyben el\u0151ir\u00e1nyozt\u00e1k a politikai \u00e9s magas rang\u00fa tisztvisel\u0151k k\u00f6z\u00f6tti rendszeres konzult\u00e1ci\u00f3kat. A [&hellip;]","protected":false},"author":1,"featured_media":0,"parent":0,"menu_order":4,"comment_status":"closed","ping_status":"closed","template":"","meta":{"footnotes":""},"class_list":["post-187","page","type-page","status-publish","hentry"],"_links":{"self":[{"href":"https:\/\/ambbudapest.esteri.it\/hu\/wp-json\/wp\/v2\/pages\/187","targetHints":{"allow":["GET"]}}],"collection":[{"href":"https:\/\/ambbudapest.esteri.it\/hu\/wp-json\/wp\/v2\/pages"}],"about":[{"href":"https:\/\/ambbudapest.esteri.it\/hu\/wp-json\/wp\/v2\/types\/page"}],"author":[{"embeddable":true,"href":"https:\/\/ambbudapest.esteri.it\/hu\/wp-json\/wp\/v2\/users\/1"}],"replies":[{"embeddable":true,"href":"https:\/\/ambbudapest.esteri.it\/hu\/wp-json\/wp\/v2\/comments?post=187"}],"version-history":[{"count":2,"href":"https:\/\/ambbudapest.esteri.it\/hu\/wp-json\/wp\/v2\/pages\/187\/revisions"}],"predecessor-version":[{"id":3820,"href":"https:\/\/ambbudapest.esteri.it\/hu\/wp-json\/wp\/v2\/pages\/187\/revisions\/3820"}],"wp:attachment":[{"href":"https:\/\/ambbudapest.esteri.it\/hu\/wp-json\/wp\/v2\/media?parent=187"}],"curies":[{"name":"wp","href":"https:\/\/api.w.org\/{rel}","templated":true}]}}

Olaszország és Magyarország

<p style="text-align: justify;">Olaszország és Magyarország kiváló kétoldalú kapcsolatokkal büszkélkedhet. 2010. június 16-án Budapesten stratégiai partnerségről szóló nyilatkozatot írt alá az olasz és a magyar külügyminiszter, amelyben meghatározták azokat a területeket (politikai, gazdasági, társadalmi és kulturális), amelyeken tovább lehet fejleszteni a két ország közötti együttműködést, és amelyben előirányozták a politikai és magas rangú tisztviselők közötti rendszeres konzultációkat.</p>
<p style="text-align: justify;">A legutóbbi politikai kapcsolatok között megemlítendő a 2022. december 23-i találkozó Guido Crosetto védelmi miniszter és magyar kollégája, Szalay-Bobrovniczky Kristóf között, amelyre a NATO „Enhanced Vigilance Activity” keretében Veszprémben állomásozó, több mint 250 fős olasz kontingens meglátogatása alkalmából került sor. A kontingenst 2024. december 24-én Isabella Rauti honvédelmi államtitkár is meglátogatta. Államfői szinten 2023. január 31-én Sergio Mattarella köztársasági elnök hivatalos látogatáson fogadta Rómában Katalin Novák akkori köztársasági elnököt. A nemzetközi kapcsolatok dimenzióját illetően Antonio Tajani külügyminiszter és miniszterelnök-helyettes 2024. február 28-án Rómában találkozott Szijjártó Péter külgazdasági és külügyminiszterrel; később, 2024. június 24-én a két miniszter rövid megbeszélést folytatott Luxemburgban, a Külügyek Tanácsának ülése alkalmával. Kormányfői szinten Giorgia Meloni miniszterelnök 2023. szeptember 14-én Budapestre látogatott a Demográfiai Csúcstalálkozó alkalmából, ahol megbeszélést folytatott Orbán Viktor miniszterelnökkel. További találkozók is követték ezt, legutóbb 2025. október 27-én Rómában.</p>
<p style="text-align: justify;">A parlamenti együttműködést illetően kiemelendő, hogy nemrégiben megalakult a magyar Országgyűlésben a 22 képviselőből álló Magyar-Olasz Baráti Csoport, amelyet (a Fidesz vezette kormánypárti többség koalíciós partnerének, a Kereszténydemokrata Néppártnak tagja) Nacsa Lőrinc elnököl.</p>
<p style="text-align: justify;">Az olasz gazdasági kapcsolatok előmozdítását Magyarországon a Budapesten működő ICE Ügynökség látja el, amely létrehozott egy Strukturális Alapok osztályt az olasz vállalatok az országban elérhető, európai uniós forrásokhoz kapcsolódó üzleti lehetőségekről való tájékoztatása érdekében.</p>
<p style="text-align: justify;">Az olasz–magyar kulturális kapcsolatok hagyományosan rendkívül élénkek. A kétoldalú együttműködést az 1965-ben aláírt Kulturális Együttműködési Egyezmény szabályozza. Ez az egyezmény az 1937-ben alapított Budapesti Olasz Kultúrintézetet és a Római Magyar Akadémiát jelöli meg a két ország közötti kulturális kapcsolatok fejlesztéséért és előmozdításáért felelős legfontosabb intézményeként.</p>

Olaszország és Magyarország kiváló kétoldalú kapcsolatokkal büszkélkedhet. 2010. június 16-án Budapesten stratégiai partnerségről szóló nyilatkozatot írt alá az olasz és a magyar külügyminiszter, amelyben meghatározták azokat a területeket (politikai, gazdasági, társadalmi és kulturális), amelyeken tovább lehet fejleszteni a két ország közötti együttműködést, és amelyben előirányozták a politikai és magas rangú tisztviselők közötti rendszeres konzultációkat. A [&hellip;]
