{"id":186,"date":"2023-04-11T18:08:31","date_gmt":"2023-04-11T16:08:31","guid":{"rendered":"https:\/\/ambbudapest.esteri.it\/chi-siamo\/la-rete-consolare\/"},"modified":"2026-03-10T14:07:56","modified_gmt":"2026-03-10T13:07:56","slug":"la-rete-consolare","status":"publish","type":"page","link":"https:\/\/ambbudapest.esteri.it\/hu\/chi-siamo\/la-rete-consolare\/","title":{"rendered":"A Konzuli H\u00e1l\u00f3zat"},"content":{"rendered":"<p><strong>Konzul\u00e1tus<\/strong><\/p>\n<p>C\u00edm:<br \/>\nJ\u00e1vor u. 4.<br \/>\n1145 Budapest<br \/>\n<a href=\"http:\/\/maps.google.com\/maps?f=q&amp;hl=it&amp;geocode=&amp;time=&amp;date=&amp;ttype=&amp;q=Budapest,%20J%C3%A1vor%20utca%204&amp;sll=47.509432,19.094388&amp;sspn=0.00687,0.014591&amp;ie=UTF8&amp;ll=47.509983,19.094646&amp;spn=0.00687,0.014591&amp;z=16&amp;iwloc=addr&amp;om=0\">Mutasd a t\u00e9rk\u00e9pet Google Maps-en<\/a><\/p>\n<p><strong>Telefono\u00a0<\/strong>36.1.4606.200<\/p>\n<p><strong>E-mail:<\/strong>\u00a0<a href=\"mailto:consolare.ambbudapest@esteri.it\">consolare.budapest@esteri.it<\/a><\/p>\n<p><strong>\u00dcgyf\u00e9lfogad\u00e1si id\u0151<\/strong><\/p>\n<p>H\u00e9tf\u0151 \u2013 Kedd &#8211; Cs\u00fct\u00f6rt\u00f6k &#8211; P\u00e9ntek: 09.00\u201312.00<br \/>\nH\u00e9tf\u0151: 13:30-15:30<br \/>\nSzerda: Z\u00c1RVA<\/p>\n<p><strong>Ny\u00edregyh\u00e1zi Tiszteletbeli Konzuli K\u00e9pviselet<\/strong><\/p>\n<p><strong>Tiszteletbeli Konzul<\/strong><\/p>\n<p>SARCI\u00c0 Roberto<br \/>\nC\u00edm:<br \/>\nSz\u00e9chenyi utca 2. II. em.<br \/>\n4400 Ny\u00edregyh\u00e1za<br \/>\n<a href=\"http:\/\/maps.google.com\/maps?f=q&amp;hl=it&amp;geocode=&amp;time=&amp;date=&amp;ttype=&amp;q=Ny%C3%ADregyh%C3%A1za,%20Sz%C3%A9chenyi%20utca%202&amp;sll=46.252954,20.140386&amp;sspn=0.004125,0.005322&amp;ie=UTF8&amp;ll=47.953921,21.71452&amp;spn=0.013624,0.029182&amp;z=15&amp;iwloc=addr&amp;om=0\">Mutasd a t\u00e9rk\u00e9pen<\/a><\/p>\n<p>Telefon: <strong>+<\/strong>36309429553<\/p>\n<p>E-mail: <a href=\"mailto:nyiregyhaza.onorario@esteri.it\">nyiregyhaza.onorario@esteri.it<\/a><\/p>\n<p><strong>P\u00e9csi Helyettes Tiszteletbeli Konzuli K\u00e9pviselet<\/strong><\/p>\n<p><strong>Helyettes Tiszteletbeli Konzul<\/strong><br \/>\nH\u00c1HN-WITTENBERGER Rita<br \/>\nC\u00edm:<br \/>\nDr. Majorossy Imre utca 3.<br \/>\nH-7621 P\u00e9cs<br \/>\n<a href=\"https:\/\/www.google.de\/maps\/place\/P%C3%A9cs,+Majorossy+Imre+u.+3,+7621+Magyarorsz%C3%A1g\/@46.0777007,18.232821,17z\/data=!3m1!4b1!4m5!3m4!1s0x4742b10a75ec240f:0xc06ec718efdd14c6!8m2!3d46.077697!4d18.2350097?hl=hu\">Mutasd a t\u00e9rk\u00e9pen<\/a><\/p>\n<p>Telefon: 36.30.2531.302<br \/>\nFax: 36.72.786.732<\/p>\n<p>E-mail: <a href=\"mailto:pecs.onorario@esteri.it\">pecs.onorario@esteri.it<\/a><\/p>\n","protected":false},"excerpt":{"rendered":"Konzul\u00e1tus C\u00edm: J\u00e1vor u. 4. 1145 Budapest Mutasd a t\u00e9rk\u00e9pet Google Maps-en Telefono\u00a036.1.4606.200 E-mail:\u00a0consolare.budapest@esteri.it \u00dcgyf\u00e9lfogad\u00e1si id\u0151 H\u00e9tf\u0151 \u2013 Kedd &#8211; Cs\u00fct\u00f6rt\u00f6k &#8211; P\u00e9ntek: 09.00\u201312.00 H\u00e9tf\u0151: 13:30-15:30 Szerda: Z\u00c1RVA Ny\u00edregyh\u00e1zi Tiszteletbeli Konzuli K\u00e9pviselet Tiszteletbeli Konzul SARCI\u00c0 Roberto C\u00edm: Sz\u00e9chenyi utca 2. II. em. 4400 Ny\u00edregyh\u00e1za Mutasd a t\u00e9rk\u00e9pen Telefon: +36309429553 E-mail: nyiregyhaza.onorario@esteri.it P\u00e9csi Helyettes Tiszteletbeli Konzuli [&hellip;]","protected":false},"author":1,"featured_media":0,"parent":162,"menu_order":8,"comment_status":"closed","ping_status":"closed","template":"","meta":{"footnotes":""},"class_list":["post-186","page","type-page","status-publish","hentry"],"_links":{"self":[{"href":"https:\/\/ambbudapest.esteri.it\/hu\/wp-json\/wp\/v2\/pages\/186","targetHints":{"allow":["GET"]}}],"collection":[{"href":"https:\/\/ambbudapest.esteri.it\/hu\/wp-json\/wp\/v2\/pages"}],"about":[{"href":"https:\/\/ambbudapest.esteri.it\/hu\/wp-json\/wp\/v2\/types\/page"}],"author":[{"embeddable":true,"href":"https:\/\/ambbudapest.esteri.it\/hu\/wp-json\/wp\/v2\/users\/1"}],"replies":[{"embeddable":true,"href":"https:\/\/ambbudapest.esteri.it\/hu\/wp-json\/wp\/v2\/comments?post=186"}],"version-history":[{"count":6,"href":"https:\/\/ambbudapest.esteri.it\/hu\/wp-json\/wp\/v2\/pages\/186\/revisions"}],"predecessor-version":[{"id":4278,"href":"https:\/\/ambbudapest.esteri.it\/hu\/wp-json\/wp\/v2\/pages\/186\/revisions\/4278"}],"up":[{"embeddable":true,"href":"https:\/\/ambbudapest.esteri.it\/hu\/wp-json\/wp\/v2\/pages\/162"}],"wp:attachment":[{"href":"https:\/\/ambbudapest.esteri.it\/hu\/wp-json\/wp\/v2\/media?parent=186"}],"curies":[{"name":"wp","href":"https:\/\/api.w.org\/{rel}","templated":true}]}}

A Konzuli Hálózat

<p><strong>Konzulátus</strong></p>
<p>Cím:<br />
Jávor u. 4.<br />
1145 Budapest<br />
<a href="http://maps.google.com/maps?f=q&amp;hl=it&amp;geocode=&amp;time=&amp;date=&amp;ttype=&amp;q=Budapest,%20J%C3%A1vor%20utca%204&amp;sll=47.509432,19.094388&amp;sspn=0.00687,0.014591&amp;ie=UTF8&amp;ll=47.509983,19.094646&amp;spn=0.00687,0.014591&amp;z=16&amp;iwloc=addr&amp;om=0">Mutasd a térképet Google Maps-en</a></p>
<p><strong>Telefono </strong>36.1.4606.200</p>
<p><strong>E-mail:</strong> <a href="mailto:consolare.ambbudapest@esteri.it">consolare.budapest@esteri.it</a></p>
<p><strong>Ügyfélfogadási idő</strong></p>
<p>Hétfő – Kedd &#8211; Csütörtök &#8211; Péntek: 09.00–12.00<br />
Hétfő: 13:30-15:30<br />
Szerda: ZÁRVA</p>
<p><strong>Nyíregyházi Tiszteletbeli Konzuli Képviselet</strong></p>
<p><strong>Tiszteletbeli Konzul</strong></p>
<p>SARCIÀ Roberto<br />
Cím:<br />
Széchenyi utca 2. II. em.<br />
4400 Nyíregyháza<br />
<a href="http://maps.google.com/maps?f=q&amp;hl=it&amp;geocode=&amp;time=&amp;date=&amp;ttype=&amp;q=Ny%C3%ADregyh%C3%A1za,%20Sz%C3%A9chenyi%20utca%202&amp;sll=46.252954,20.140386&amp;sspn=0.004125,0.005322&amp;ie=UTF8&amp;ll=47.953921,21.71452&amp;spn=0.013624,0.029182&amp;z=15&amp;iwloc=addr&amp;om=0">Mutasd a térképen</a></p>
<p>Telefon: <strong>+</strong>36309429553</p>
<p>E-mail: <a href="mailto:nyiregyhaza.onorario@esteri.it">nyiregyhaza.onorario@esteri.it</a></p>
<p><strong>Pécsi Helyettes Tiszteletbeli Konzuli Képviselet</strong></p>
<p><strong>Helyettes Tiszteletbeli Konzul</strong><br />
HÁHN-WITTENBERGER Rita<br />
Cím:<br />
Dr. Majorossy Imre utca 3.<br />
H-7621 Pécs<br />
<a href="https://www.google.de/maps/place/P%C3%A9cs,+Majorossy+Imre+u.+3,+7621+Magyarorsz%C3%A1g/@46.0777007,18.232821,17z/data=!3m1!4b1!4m5!3m4!1s0x4742b10a75ec240f:0xc06ec718efdd14c6!8m2!3d46.077697!4d18.2350097?hl=hu">Mutasd a térképen</a></p>
<p>Telefon: 36.30.2531.302<br />
Fax: 36.72.786.732</p>
<p>E-mail: <a href="mailto:pecs.onorario@esteri.it">pecs.onorario@esteri.it</a></p>

Konzulátus Cím: Jávor u. 4. 1145 Budapest Mutasd a térképet Google Maps-en Telefono 36.1.4606.200 E-mail: consolare.budapest@esteri.it Ügyfélfogadási idő Hétfő – Kedd &#8211; Csütörtök &#8211; Péntek: 09.00–12.00 Hétfő: 13:30-15:30 Szerda: ZÁRVA Nyíregyházi Tiszteletbeli Konzuli Képviselet Tiszteletbeli Konzul SARCIÀ Roberto Cím: Széchenyi utca 2. II. em. 4400 Nyíregyháza Mutasd a térképen Telefon: +36309429553 E-mail: nyiregyhaza.onorario@esteri.it Pécsi Helyettes Tiszteletbeli Konzuli [&hellip;]
