{"id":183,"date":"2023-04-11T17:55:33","date_gmt":"2023-04-11T15:55:33","guid":{"rendered":"https:\/\/ambbudapest.esteri.it\/chi-siamo\/la-sede\/"},"modified":"2024-09-11T11:23:03","modified_gmt":"2024-09-11T09:23:03","slug":"la-sede","status":"publish","type":"page","link":"https:\/\/ambbudapest.esteri.it\/hu\/chi-siamo\/la-sede\/","title":{"rendered":"Sz\u00e9khely"},"content":{"rendered":"<p style=\"font-weight: 400; text-align: justify;\">A magyarorsz\u00e1gi Olasz Nagyk\u00f6vets\u00e9g sz\u00e9khelye Budapesten, a pesti oldalon tal\u00e1lhat\u00f3. A k\u00f6vets\u00e9g \u00e9s a konzuli hivatal egy el\u0151kel\u0151 zugl\u00f3i \u00e9p\u00fcletegy\u00fcttesben, a magyar f\u0151v\u00e1ros k\u00f6zpontj\u00e1nak hat\u00e1r\u00e1n helyezkedik el. Ez a k\u00f6zponti helyzete lehet\u0151v\u00e9 teszi a Nagyk\u00f6vets\u00e9gnek \u00e9s szem\u00e9lyzet\u00e9nek, hogy a var\u00e1zslatos munkak\u00f6rnyezeten t\u00fal k\u00f6nnyed\u00e9n kapcsolatot teremthessen a v\u00e1rosk\u00f6zpontban m\u0171k\u00f6d\u0151 int\u00e9zm\u00e9nyekkel.<\/p>\n<p style=\"font-weight: 400; text-align: justify;\">Az \u00e9p\u00fclet, amelynek 1990 \u00f3ta az Olasz \u00c1llam a tulajdonosa, a f\u00e1kkal \u00f6vezett Stef\u00e1nia \u00fatra n\u00e9z, amely a ker\u00fclet k\u00e9t f\u0151\u00fatja a Th\u00f6k\u00f6ly \u00fat \u00e9s a Hung\u00e1ria k\u00f6r\u00fat k\u00f6z\u00f6tt kanyarogva teremt \u00f6sszek\u00f6ttet\u00e9st a V\u00e1rosliget \u00e9s az Stadion k\u00f6z\u00f6tt. Ugyanezen a szigeten tal\u00e1lhat\u00f3 m\u00e9g a l\u00edbiai, sv\u00e1jci \u00e9s ir\u00e1ni nagyk\u00f6vets\u00e9g, m\u00edg hozz\u00e1nk k\u00f6zel magasodik Magyar \u00c1llami F\u00f6ldtani Int\u00e9zet gy\u00f6ny\u00f6r\u0171 \u00e9p\u00fclete. N\u00e9h\u00e1ny percet s\u00e9t\u00e1lva eljuthatunk a H\u0151s\u00f6k ter\u00e9re.<\/p>\n<p style=\"font-weight: 400; text-align: justify;\">A Nagyk\u00f6vets\u00e9g \u00e9s a Konzul\u00e1tus k\u00e9t egym\u00e1s mellett fekv\u0151 \u00e9p\u00fcletben helyezkedik el, ezeket 1907-ben P\u00e1rtos Gyula tervei alapj\u00e1n, a Haggenmacher csal\u00e1d megb\u00edz\u00e1s\u00e1b\u00f3l \u00e9p\u00edtett\u00e9k. A f\u0151\u00e9p\u00fclet, amely a K\u00f6vets\u00e9gnek ad otthont, n\u00e9gy emeleten, kb. 1000 m2-en ter\u00fcl el. Ebben az \u00e9p\u00fcletben eredetileg k\u00e9t egym\u00e1st\u00f3l elk\u00fcl\u00f6n\u00edtett, de \u00f6sszenyithat\u00f3 lak\u00e1s \u00e1llt a szoros rokoni kapcsolatban \u00e1ll\u00f3 k\u00e9t csal\u00e1d rendelkez\u00e9s\u00e9re. Haggenmacher \u00c1rp\u00e1d, az els\u0151 tulajdonos azt k\u00e9rte P\u00e1rtost\u00f3l, hogy a j\u00f3m\u00f3d csak m\u00e9rs\u00e9kelve legyen hangs\u00falyozva, ker\u00fclje a t\u00falzott pomp\u00e1t \u00e9s ink\u00e1bb a k\u00e9nyelmi szempontra ford\u00edtson nagyobb gondot. A sv\u00e1jci eredet\u0171, j\u00f3m\u00f3d\u00fa Haggenmacher csal\u00e1d 1850-ben telepedett le Magyarorsz\u00e1gon. Itt nagy siker\u0171 v\u00e1llalkoz\u00e1sba kezdtek, ennek bev\u00e9telei lehet\u0151v\u00e9 tett\u00e9k \u00c1rp\u00e1d apj\u00e1nak, hogy megvegyen egy, az Andr\u00e1ssy \u00faton fekv\u0151 \u00e9p\u00fcletegy\u00fcttest.<\/p>\n<p style=\"font-weight: 400; text-align: justify;\">A Nagyk\u00f6vets\u00e9get vend\u00e9g\u00fcl l\u00e1t\u00f3 \u00e9p\u00fcletet a sz\u00fcks\u00e9ges \u00e1talak\u00edt\u00e1sok elv\u00e9gz\u00e9s\u00e9vel tett\u00e9k alkalmass\u00e1 a k\u00e9pviselet irod\u00e1inak befogad\u00e1s\u00e1ra, az \u00e1talak\u00edt\u00e1s sor\u00e1n igyekeztek a tervez\u00e9s kor\u00e1ban kialakult jelleget \u00e9rintetlen\u00fcl hagyni. Az \u00e9p\u00fclet belsej\u00e9ben igen becses az els\u0151 emelet gazdagon d\u00edsz\u00edtett mennyezete, a kov\u00e1csolt vas korl\u00e1t \u00e9s a R\u00f3th Miksa munk\u00e1j\u00e1t dics\u00e9r\u0151 f\u00e9lholdas sz\u00ednes \u00fcvegajt\u00f3k. Az \u00e9p\u00edt\u00e9si telekhez k\u00e9t bej\u00e1rat tartozik, az el\u00fcls\u0151 a Stef\u00e1nia \u00fati, amelyet d\u00edszn\u00f6v\u00e9nyes kert \u00f6vez, \u00e9s a h\u00e1ts\u00f3, ami a J\u00e1vor utc\u00e1ra n\u00e9z. Az udvar k\u00f6zepe t\u00e1j\u00e1n egy kisebb \u00e9p\u00fcletet tal\u00e1lhatunk, ami a konzul\u00e1tus irod\u00e1inak ad otthont, valamint a k\u00f6vets\u00e9gen szolg\u00e1latot teljes\u00edt\u0151 csend\u0151r\u00f6k lak\u00e1sainak.<\/p>\n<p style=\"font-weight: 400; text-align: justify;\">A f\u00f6ldhivatali dokumentumok alapj\u00e1n a k\u00e9t \u00e9p\u00fcletet a magyar \u00e1llam 1952-ben v\u00e1s\u00e1rolta meg, majd 1975-ben a Diplom\u00e1ciai Test\u00fcletet Ell\u00e1t\u00f3 Igazgat\u00f3s\u00e1g\u00e1t b\u00edzta meg az \u00e9p\u00fclet kezel\u00e9s\u00e9vel. 1990. november 28-\u00e1n lett bejegyezve tulajdonosk\u00e9nt, az el\u0151z\u0151leg az \u00e9p\u00fcletet b\u00e9rl\u0151 Olasz Nagyk\u00f6vets\u00e9g.<\/p>\n","protected":false},"excerpt":{"rendered":"A magyarorsz\u00e1gi Olasz Nagyk\u00f6vets\u00e9g sz\u00e9khelye Budapesten, a pesti oldalon tal\u00e1lhat\u00f3. A k\u00f6vets\u00e9g \u00e9s a konzuli hivatal egy el\u0151kel\u0151 zugl\u00f3i \u00e9p\u00fcletegy\u00fcttesben, a magyar f\u0151v\u00e1ros k\u00f6zpontj\u00e1nak hat\u00e1r\u00e1n helyezkedik el. Ez a k\u00f6zponti helyzete lehet\u0151v\u00e9 teszi a Nagyk\u00f6vets\u00e9gnek \u00e9s szem\u00e9lyzet\u00e9nek, hogy a var\u00e1zslatos munkak\u00f6rnyezeten t\u00fal k\u00f6nnyed\u00e9n kapcsolatot teremthessen a v\u00e1rosk\u00f6zpontban m\u0171k\u00f6d\u0151 int\u00e9zm\u00e9nyekkel. Az \u00e9p\u00fclet, amelynek 1990 \u00f3ta az [&hellip;]","protected":false},"author":1,"featured_media":0,"parent":162,"menu_order":2,"comment_status":"closed","ping_status":"closed","template":"","meta":{"footnotes":""},"class_list":["post-183","page","type-page","status-publish","hentry"],"_links":{"self":[{"href":"https:\/\/ambbudapest.esteri.it\/hu\/wp-json\/wp\/v2\/pages\/183","targetHints":{"allow":["GET"]}}],"collection":[{"href":"https:\/\/ambbudapest.esteri.it\/hu\/wp-json\/wp\/v2\/pages"}],"about":[{"href":"https:\/\/ambbudapest.esteri.it\/hu\/wp-json\/wp\/v2\/types\/page"}],"author":[{"embeddable":true,"href":"https:\/\/ambbudapest.esteri.it\/hu\/wp-json\/wp\/v2\/users\/1"}],"replies":[{"embeddable":true,"href":"https:\/\/ambbudapest.esteri.it\/hu\/wp-json\/wp\/v2\/comments?post=183"}],"version-history":[{"count":3,"href":"https:\/\/ambbudapest.esteri.it\/hu\/wp-json\/wp\/v2\/pages\/183\/revisions"}],"predecessor-version":[{"id":2493,"href":"https:\/\/ambbudapest.esteri.it\/hu\/wp-json\/wp\/v2\/pages\/183\/revisions\/2493"}],"up":[{"embeddable":true,"href":"https:\/\/ambbudapest.esteri.it\/hu\/wp-json\/wp\/v2\/pages\/162"}],"wp:attachment":[{"href":"https:\/\/ambbudapest.esteri.it\/hu\/wp-json\/wp\/v2\/media?parent=183"}],"curies":[{"name":"wp","href":"https:\/\/api.w.org\/{rel}","templated":true}]}}

Székhely

<p style="font-weight: 400; text-align: justify;">A magyarországi Olasz Nagykövetség székhelye Budapesten, a pesti oldalon található. A követség és a konzuli hivatal egy előkelő zuglói épületegyüttesben, a magyar főváros központjának határán helyezkedik el. Ez a központi helyzete lehetővé teszi a Nagykövetségnek és személyzetének, hogy a varázslatos munkakörnyezeten túl könnyedén kapcsolatot teremthessen a városközpontban működő intézményekkel.</p>
<p style="font-weight: 400; text-align: justify;">Az épület, amelynek 1990 óta az Olasz Állam a tulajdonosa, a fákkal övezett Stefánia útra néz, amely a kerület két főútja a Thököly út és a Hungária körút között kanyarogva teremt összeköttetést a Városliget és az Stadion között. Ugyanezen a szigeten található még a líbiai, svájci és iráni nagykövetség, míg hozzánk közel magasodik Magyar Állami Földtani Intézet gyönyörű épülete. Néhány percet sétálva eljuthatunk a Hősök terére.</p>
<p style="font-weight: 400; text-align: justify;">A Nagykövetség és a Konzulátus két egymás mellett fekvő épületben helyezkedik el, ezeket 1907-ben Pártos Gyula tervei alapján, a Haggenmacher család megbízásából építették. A főépület, amely a Követségnek ad otthont, négy emeleten, kb. 1000 m2-en terül el. Ebben az épületben eredetileg két egymástól elkülönített, de összenyitható lakás állt a szoros rokoni kapcsolatban álló két család rendelkezésére. Haggenmacher Árpád, az első tulajdonos azt kérte Pártostól, hogy a jómód csak mérsékelve legyen hangsúlyozva, kerülje a túlzott pompát és inkább a kényelmi szempontra fordítson nagyobb gondot. A svájci eredetű, jómódú Haggenmacher család 1850-ben telepedett le Magyarországon. Itt nagy sikerű vállalkozásba kezdtek, ennek bevételei lehetővé tették Árpád apjának, hogy megvegyen egy, az Andrássy úton fekvő épületegyüttest.</p>
<p style="font-weight: 400; text-align: justify;">A Nagykövetséget vendégül látó épületet a szükséges átalakítások elvégzésével tették alkalmassá a képviselet irodáinak befogadására, az átalakítás során igyekeztek a tervezés korában kialakult jelleget érintetlenül hagyni. Az épület belsejében igen becses az első emelet gazdagon díszített mennyezete, a kovácsolt vas korlát és a Róth Miksa munkáját dicsérő félholdas színes üvegajtók. Az építési telekhez két bejárat tartozik, az elülső a Stefánia úti, amelyet dísznövényes kert övez, és a hátsó, ami a Jávor utcára néz. Az udvar közepe táján egy kisebb épületet találhatunk, ami a konzulátus irodáinak ad otthont, valamint a követségen szolgálatot teljesítő csendőrök lakásainak.</p>
<p style="font-weight: 400; text-align: justify;">A földhivatali dokumentumok alapján a két épületet a magyar állam 1952-ben vásárolta meg, majd 1975-ben a Diplomáciai Testületet Ellátó Igazgatóságát bízta meg az épület kezelésével. 1990. november 28-án lett bejegyezve tulajdonosként, az előzőleg az épületet bérlő Olasz Nagykövetség.</p>

A magyarországi Olasz Nagykövetség székhelye Budapesten, a pesti oldalon található. A követség és a konzuli hivatal egy előkelő zuglói épületegyüttesben, a magyar főváros központjának határán helyezkedik el. Ez a központi helyzete lehetővé teszi a Nagykövetségnek és személyzetének, hogy a varázslatos munkakörnyezeten túl könnyedén kapcsolatot teremthessen a városközpontban működő intézményekkel. Az épület, amelynek 1990 óta az [&hellip;]
