{"id":182,"date":"2023-04-11T17:53:01","date_gmt":"2023-04-11T15:53:01","guid":{"rendered":"https:\/\/ambbudapest.esteri.it\/chi-siamo\/lambasciatore\/"},"modified":"2025-10-01T13:12:51","modified_gmt":"2025-10-01T11:12:51","slug":"lambasciatore","status":"publish","type":"page","link":"https:\/\/ambbudapest.esteri.it\/hu\/chi-siamo\/lambasciatore\/","title":{"rendered":"A nagyk\u00f6vet"},"content":{"rendered":"<p><img loading=\"lazy\" decoding=\"async\" class=\"aligncenter wp-image-3308 img-fluid\" src=\"https:\/\/ambbudapest.esteri.it\/wp-content\/uploads\/2025\/10\/Amb.-Scognamiglio-8.jpg\" alt=\"\" width=\"291\" height=\"247\" srcset=\"https:\/\/ambbudapest.esteri.it\/wp-content\/uploads\/2025\/10\/Amb.-Scognamiglio-8.jpg 1920w, https:\/\/ambbudapest.esteri.it\/wp-content\/uploads\/2025\/10\/Amb.-Scognamiglio-8-300x254.jpg 300w, https:\/\/ambbudapest.esteri.it\/wp-content\/uploads\/2025\/10\/Amb.-Scognamiglio-8-1024x868.jpg 1024w, https:\/\/ambbudapest.esteri.it\/wp-content\/uploads\/2025\/10\/Amb.-Scognamiglio-8-768x651.jpg 768w\" sizes=\"auto, (max-width: 291px) 100vw, 291px\" \/><\/p>\n<p style=\"text-align: center;\"><strong>\u00a0GIUSEPPE SCOGNAMIGLIO RENDK\u00edV\u00dcLI K\u00d6VET \u00c9S MEGHATALMAZOTT MINISZTER \u00c9LETRAJZA\u00a0<\/strong><\/p>\n<p>1967. okt\u00f3ber 27-\u00e9n sz\u00fcletett N\u00e1polyban, La Spezi\u00e1ban n\u0151tt fel. A klasszikus gimn\u00e1ziumi \u00e9retts\u00e9gi \u00e9s a zongoradiploma megszerz\u00e9se ut\u00e1n 1992. febru\u00e1r 4-\u00e9n k\u00f6zgazdas\u00e1gi diplom\u00e1t szerez a Bocconi Egyetemen.<\/p>\n<p>1993-t\u00f3l 1994-ig tenger\u00e9szkad\u00e9tk\u00e9nt teljes\u00edt katonai szolg\u00e1latot.<\/p>\n<p>A felv\u00e9teli vizsg\u00e1t k\u00f6vet\u0151en 1995. j\u00falius 3-\u00e1n l\u00e9p a diplom\u00e1ciai p\u00e1ly\u00e1ra.<\/p>\n<p>1998. okt\u00f3ber 18-ig a K\u00fcl\u00fcgyminiszt\u00e9rium Szem\u00e9lyzeti F\u0151igazgat\u00f3s\u00e1g\u00e1nak II. Hivatal\u00e1ban dolgozik, mint a Szerz\u0151d\u00e9ses alkalmazottak \u00e9s \u00fatlevelek oszt\u00e1ly\u00e1nak vezet\u0151je<\/p>\n<p>1998. okt\u00f3ber 19-t\u0151l 2002. j\u00fanius 27-ig a Havannai (Kuba) Olasz Nagyk\u00f6vets\u00e9g konzuli, kereskedelmi, kultur\u00e1lis \u00e9s egy\u00fcttm\u0171k\u00f6d\u00e9si oszt\u00e1lyainak vezet\u0151je.<\/p>\n<p>2002. j\u00fanius 28-\u00e1n a Kair\u00f3i (Egyiptom) Olasz Nagyk\u00f6vets\u00e9gen, mint a bel- \u00e9s k\u00fclpolitikai elemz\u00e9sek\u00e9rt, valamint a konzuli koordin\u00e1ci\u00f3\u00e9rt felel\u0151s vezet\u0151 kezd dolgozni.<\/p>\n<p>j\u00falius 2-\u00e1n k\u00f6veti tan\u00e1csoss\u00e1 nevezt\u00e9k ki, \u00e9s ugyanebben az \u00e9vben megkapta a K\u00f6zt\u00e1rsas\u00e1g \u00c9rdemrendj\u00e9nek lovagi keresztj\u00e9t.<\/p>\n<p>R\u00f3m\u00e1ba val\u00f3 visszat\u00e9r\u00e9s\u00e9t k\u00f6vet\u0151en 2006. szeptember 1-j\u00e9t\u0151l az olasz K\u00fcl\u00fcgyminiszt\u00e9rium Sajt\u00f3- \u00e9s Inform\u00e1ci\u00f3s Szolg\u00e1lata II. oszt\u00e1ly\u00e1nak vezet\u0151je, ahol a multim\u00e9di\u00e1s kommunik\u00e1ci\u00f3\u00e9rt, a k\u00fclf\u00f6ldi sajt\u00f3val val\u00f3 kapcsolatok\u00e9rt \u00e9s az olasz sajt\u00f3\u00fcgyn\u00f6ks\u00e9gekkel k\u00f6t\u00f6tt meg\u00e1llapod\u00e1sok\u00e9rt volt felel\u0151s.<\/p>\n<p>2010. j\u00falius 3-\u00e1n nagyk\u00f6vets\u00e9gi tan\u00e1csoss\u00e1 nevezik ki.<\/p>\n<p>2010. j\u00falius 3-\u00e1n nagyk\u00f6vets\u00e9gi tan\u00e1csoss\u00e1 nevezik ki.<\/p>\n<p>2015. okt\u00f3ber 9-t\u0151l Olaszorsz\u00e1g kuvaiti nagyk\u00f6vete<\/p>\n<p>2017. janu\u00e1r 13-\u00e1n megkapja az Olasz K\u00f6zt\u00e1rsas\u00e1g \u00e9rdemrendj\u00e9nek tiszti keresztj\u00e9t.<\/p>\n<p>2018. janu\u00e1r 2-\u00e1n rendk\u00edv\u00fcli k\u00f6vett\u00e9 \u00e9s meghatalmazott miniszterr\u00e9 nevezt\u00e9k ki.<\/p>\n<p>2019. december 18-\u00e1n a minisztereln\u00f6k az olasz G20-eln\u00f6ks\u00e9g deleg\u00e1ci\u00f3j\u00e1nak vezet\u0151j\u00e9v\u00e9 nevezi ki.<\/p>\n<p>2023. j\u00fanius 13-t\u00f3l a v\u00e1llalkoz\u00e1sok\u00e9rt \u00e9s a Made in Italy-\u00e9rt felel\u0151s miniszterhelyettes nemzetk\u00f6zi \u00fcgyek\u00e9rt felel\u0151s tan\u00e1csad\u00f3ja.<\/p>\n<p>2025. szeptember 29-t\u0151l Olaszorsz\u00e1g magyarorsz\u00e1gi nagyk\u00f6vete.<\/p>\n","protected":false},"excerpt":{"rendered":"\u00a0GIUSEPPE SCOGNAMIGLIO RENDK\u00edV\u00dcLI K\u00d6VET \u00c9S MEGHATALMAZOTT MINISZTER \u00c9LETRAJZA\u00a0 1967. okt\u00f3ber 27-\u00e9n sz\u00fcletett N\u00e1polyban, La Spezi\u00e1ban n\u0151tt fel. A klasszikus gimn\u00e1ziumi \u00e9retts\u00e9gi \u00e9s a zongoradiploma megszerz\u00e9se ut\u00e1n 1992. febru\u00e1r 4-\u00e9n k\u00f6zgazdas\u00e1gi diplom\u00e1t szerez a Bocconi Egyetemen. 1993-t\u00f3l 1994-ig tenger\u00e9szkad\u00e9tk\u00e9nt teljes\u00edt katonai szolg\u00e1latot. A felv\u00e9teli vizsg\u00e1t k\u00f6vet\u0151en 1995. j\u00falius 3-\u00e1n l\u00e9p a diplom\u00e1ciai p\u00e1ly\u00e1ra. 1998. okt\u00f3ber 18-ig [&hellip;]","protected":false},"author":1,"featured_media":0,"parent":162,"menu_order":0,"comment_status":"closed","ping_status":"closed","template":"","meta":{"footnotes":""},"class_list":["post-182","page","type-page","status-publish","hentry"],"_links":{"self":[{"href":"https:\/\/ambbudapest.esteri.it\/hu\/wp-json\/wp\/v2\/pages\/182","targetHints":{"allow":["GET"]}}],"collection":[{"href":"https:\/\/ambbudapest.esteri.it\/hu\/wp-json\/wp\/v2\/pages"}],"about":[{"href":"https:\/\/ambbudapest.esteri.it\/hu\/wp-json\/wp\/v2\/types\/page"}],"author":[{"embeddable":true,"href":"https:\/\/ambbudapest.esteri.it\/hu\/wp-json\/wp\/v2\/users\/1"}],"replies":[{"embeddable":true,"href":"https:\/\/ambbudapest.esteri.it\/hu\/wp-json\/wp\/v2\/comments?post=182"}],"version-history":[{"count":6,"href":"https:\/\/ambbudapest.esteri.it\/hu\/wp-json\/wp\/v2\/pages\/182\/revisions"}],"predecessor-version":[{"id":3361,"href":"https:\/\/ambbudapest.esteri.it\/hu\/wp-json\/wp\/v2\/pages\/182\/revisions\/3361"}],"up":[{"embeddable":true,"href":"https:\/\/ambbudapest.esteri.it\/hu\/wp-json\/wp\/v2\/pages\/162"}],"wp:attachment":[{"href":"https:\/\/ambbudapest.esteri.it\/hu\/wp-json\/wp\/v2\/media?parent=182"}],"curies":[{"name":"wp","href":"https:\/\/api.w.org\/{rel}","templated":true}]}}

A nagykövet

<p><img loading="lazy" decoding="async" class="aligncenter wp-image-3308 img-fluid" src="https://ambbudapest.esteri.it/wp-content/uploads/2025/10/Amb.-Scognamiglio-8.jpg" alt="" width="291" height="247" srcset="https://ambbudapest.esteri.it/wp-content/uploads/2025/10/Amb.-Scognamiglio-8.jpg 1920w, https://ambbudapest.esteri.it/wp-content/uploads/2025/10/Amb.-Scognamiglio-8-300x254.jpg 300w, https://ambbudapest.esteri.it/wp-content/uploads/2025/10/Amb.-Scognamiglio-8-1024x868.jpg 1024w, https://ambbudapest.esteri.it/wp-content/uploads/2025/10/Amb.-Scognamiglio-8-768x651.jpg 768w" sizes="auto, (max-width: 291px) 100vw, 291px" /></p>
<p style="text-align: center;"><strong> GIUSEPPE SCOGNAMIGLIO RENDKíVÜLI KÖVET ÉS MEGHATALMAZOTT MINISZTER ÉLETRAJZA </strong></p>
<p>1967. október 27-én született Nápolyban, La Speziában nőtt fel. A klasszikus gimnáziumi érettségi és a zongoradiploma megszerzése után 1992. február 4-én közgazdasági diplomát szerez a Bocconi Egyetemen.</p>
<p>1993-tól 1994-ig tengerészkadétként teljesít katonai szolgálatot.</p>
<p>A felvételi vizsgát követően 1995. július 3-án lép a diplomáciai pályára.</p>
<p>1998. október 18-ig a Külügyminisztérium Személyzeti Főigazgatóságának II. Hivatalában dolgozik, mint a Szerződéses alkalmazottak és útlevelek osztályának vezetője</p>
<p>1998. október 19-től 2002. június 27-ig a Havannai (Kuba) Olasz Nagykövetség konzuli, kereskedelmi, kulturális és együttműködési osztályainak vezetője.</p>
<p>2002. június 28-án a Kairói (Egyiptom) Olasz Nagykövetségen, mint a bel- és külpolitikai elemzésekért, valamint a konzuli koordinációért felelős vezető kezd dolgozni.</p>
<p>július 2-án követi tanácsossá nevezték ki, és ugyanebben az évben megkapta a Köztársaság Érdemrendjének lovagi keresztjét.</p>
<p>Rómába való visszatérését követően 2006. szeptember 1-jétől az olasz Külügyminisztérium Sajtó- és Információs Szolgálata II. osztályának vezetője, ahol a multimédiás kommunikációért, a külföldi sajtóval való kapcsolatokért és az olasz sajtóügynökségekkel kötött megállapodásokért volt felelős.</p>
<p>2010. július 3-án nagykövetségi tanácsossá nevezik ki.</p>
<p>2010. július 3-án nagykövetségi tanácsossá nevezik ki.</p>
<p>2015. október 9-től Olaszország kuvaiti nagykövete</p>
<p>2017. január 13-án megkapja az Olasz Köztársaság érdemrendjének tiszti keresztjét.</p>
<p>2018. január 2-án rendkívüli követté és meghatalmazott miniszterré nevezték ki.</p>
<p>2019. december 18-án a miniszterelnök az olasz G20-elnökség delegációjának vezetőjévé nevezi ki.</p>
<p>2023. június 13-tól a vállalkozásokért és a Made in Italy-ért felelős miniszterhelyettes nemzetközi ügyekért felelős tanácsadója.</p>
<p>2025. szeptember 29-től Olaszország magyarországi nagykövete.</p>

GIUSEPPE SCOGNAMIGLIO RENDKíVÜLI KÖVET ÉS MEGHATALMAZOTT MINISZTER ÉLETRAJZA  1967. október 27-én született Nápolyban, La Speziában nőtt fel. A klasszikus gimnáziumi érettségi és a zongoradiploma megszerzése után 1992. február 4-én közgazdasági diplomát szerez a Bocconi Egyetemen. 1993-tól 1994-ig tengerészkadétként teljesít katonai szolgálatot. A felvételi vizsgát követően 1995. július 3-án lép a diplomáciai pályára. 1998. október 18-ig [&hellip;]
