{"id":171,"date":"2023-04-11T18:24:01","date_gmt":"2023-04-11T16:24:01","guid":{"rendered":"https:\/\/ambbudapest.esteri.it\/diplomazia-economica\/fare-affari-in-italia\/"},"modified":"2023-11-17T10:08:08","modified_gmt":"2023-11-17T09:08:08","slug":"fare-affari-in-italia","status":"publish","type":"page","link":"https:\/\/ambbudapest.esteri.it\/hu\/italia-e-ungheria\/diplomazia-economica\/fare-affari-in-italia\/","title":{"rendered":"\u00dczleti tev\u00e9kenys\u00e9g elind\u00edt\u00e1sa Olaszorsz\u00e1gban"},"content":{"rendered":"<p><span lang=\"HU\">Olaszorsz\u00e1g, a GDP \u00e9rt\u00e9ke szerint, az OECD orsz\u00e1gok k\u00f6z\u00f6tt a 6. helyen, az eur\u00f3pai orsz\u00e1gok k\u00f6z\u00f6tt a 4. helyen tal\u00e1lhat\u00f3.<br \/>\n<\/span><span lang=\"HU\">Az olaszorsz\u00e1gi termel\u00e9s az Eur\u00f3pai Uni\u00f3 GDP-j\u00e9nek t\u00f6bb, mint 13%-t teszi ki.<br \/>\n<\/span><span lang=\"HU\">A gazdas\u00e1g szerkezet\u00e9t tekintve az olasz gazdas\u00e1g hasonl\u00f3 a f\u0151bb eur\u00f3pai orsz\u00e1gok gazdas\u00e1g\u00e1nak fel\u00e9p\u00edt\u00e9s\u00e9hez, a gazdas\u00e1g 27,7%-\u00e1t a feldolgoz\u00f3- \u00e9s \u00e9p\u00edt\u0151ipar teszi ki \u00e9s majdnem 70%-\u00e1t a szolg\u00e1ltat\u00e1si szektor. Ez ut\u00f3bbin bel\u00fcl a kereskedelem, a k\u00f6zleked\u00e9si \u00e9s a kommunik\u00e1ci\u00f3s szektorok GDP-ar\u00e1nya magasabb az eur\u00f3pai orsz\u00e1gok \u00e1tlag\u00e1\u00e9n\u00e1l.<br \/>\n<\/span><span lang=\"HU\">A mediterr\u00e1neum sz\u00edv\u00e9ben elhelyezked\u0151 Olaszorsz\u00e1g fontos csom\u00f3pont a k\u00f6z\u00fati, tengeri \u00e9s l\u00e9gi \u00f6sszek\u00f6ttet\u00e9sben \u00c9szak \u00e9s D\u00e9l-Eur\u00f3pa k\u00f6z\u00f6tt.<br \/>\n<\/span><span lang=\"HU\">Az olasz piac mintegy 60 milli\u00f3s fogyaszt\u00f3j\u00e1val sz\u00e1mtalan lehet\u0151s\u00e9get k\u00edn\u00e1l a terjeszked\u0151 v\u00e1llalatoknak.<br \/>\n<\/span><span lang=\"HU\">Strat\u00e9giai elhelyezked\u00e9s\u00e9nek k\u00f6sz\u00f6nhet\u0151en Olaszorsz\u00e1gb\u00f3l k\u00f6nnyen el\u00e9rhet\u0151 az Eur\u00f3pai Uni\u00f3 396 milli\u00f3nyi \u00e9s \u00c9szak-Afrika, valamint a K\u00f6zel-Kelet 240 milli\u00f3nyi fogyaszt\u00f3ja.<br \/>\n<\/span><span lang=\"HU\">Olaszorsz\u00e1g vezet\u0151 szerepet szerzett mag\u00e1nak (az eur\u00f3pai piac 11%-\u00e1t elfoglalva) mintegy 65 milli\u00e1rd eur\u00f3s forgalommal.<br \/>\n<\/span><span lang=\"HU\">Eur\u00f3p\u00e1ban Olaszorsz\u00e1g, ami a biotechnol\u00f3giai \u00e1gazatot illeti, az els\u0151 helyen szerepel, mivel erre a ter\u00fcletre val\u00f3 beteleped\u00e9sre ford\u00edtott k\u00f6lts\u00e9gek itt a legalacsonyabbak, a m\u00e1sodik helyen tal\u00e1lhat\u00f3 a K+F, a vegy\u00e9szet \u00e9s az elektronika ter\u00fclet\u00e9n folytatott term\u00e9ktesztek miatt.<\/span><\/p>\n","protected":false},"excerpt":{"rendered":"Olaszorsz\u00e1g, a GDP \u00e9rt\u00e9ke szerint, az OECD orsz\u00e1gok k\u00f6z\u00f6tt a 6. helyen, az eur\u00f3pai orsz\u00e1gok k\u00f6z\u00f6tt a 4. helyen tal\u00e1lhat\u00f3. Az olaszorsz\u00e1gi termel\u00e9s az Eur\u00f3pai Uni\u00f3 GDP-j\u00e9nek t\u00f6bb, mint 13%-t teszi ki. A gazdas\u00e1g szerkezet\u00e9t tekintve az olasz gazdas\u00e1g hasonl\u00f3 a f\u0151bb eur\u00f3pai orsz\u00e1gok gazdas\u00e1g\u00e1nak fel\u00e9p\u00edt\u00e9s\u00e9hez, a gazdas\u00e1g 27,7%-\u00e1t a feldolgoz\u00f3- \u00e9s \u00e9p\u00edt\u0151ipar teszi ki [&hellip;]","protected":false},"author":1,"featured_media":0,"parent":170,"menu_order":0,"comment_status":"closed","ping_status":"closed","template":"","meta":{"footnotes":""},"class_list":["post-171","page","type-page","status-publish","hentry"],"_links":{"self":[{"href":"https:\/\/ambbudapest.esteri.it\/hu\/wp-json\/wp\/v2\/pages\/171","targetHints":{"allow":["GET"]}}],"collection":[{"href":"https:\/\/ambbudapest.esteri.it\/hu\/wp-json\/wp\/v2\/pages"}],"about":[{"href":"https:\/\/ambbudapest.esteri.it\/hu\/wp-json\/wp\/v2\/types\/page"}],"author":[{"embeddable":true,"href":"https:\/\/ambbudapest.esteri.it\/hu\/wp-json\/wp\/v2\/users\/1"}],"replies":[{"embeddable":true,"href":"https:\/\/ambbudapest.esteri.it\/hu\/wp-json\/wp\/v2\/comments?post=171"}],"version-history":[{"count":5,"href":"https:\/\/ambbudapest.esteri.it\/hu\/wp-json\/wp\/v2\/pages\/171\/revisions"}],"predecessor-version":[{"id":411,"href":"https:\/\/ambbudapest.esteri.it\/hu\/wp-json\/wp\/v2\/pages\/171\/revisions\/411"}],"up":[{"embeddable":true,"href":"https:\/\/ambbudapest.esteri.it\/hu\/wp-json\/wp\/v2\/pages\/170"}],"wp:attachment":[{"href":"https:\/\/ambbudapest.esteri.it\/hu\/wp-json\/wp\/v2\/media?parent=171"}],"curies":[{"name":"wp","href":"https:\/\/api.w.org\/{rel}","templated":true}]}}

Üzleti tevékenység elindítása Olaszországban

<p><span lang="HU">Olaszország, a GDP értéke szerint, az OECD országok között a 6. helyen, az európai országok között a 4. helyen található.<br />
</span><span lang="HU">Az olaszországi termelés az Európai Unió GDP-jének több, mint 13%-t teszi ki.<br />
</span><span lang="HU">A gazdaság szerkezetét tekintve az olasz gazdaság hasonló a főbb európai országok gazdaságának felépítéséhez, a gazdaság 27,7%-át a feldolgozó- és építőipar teszi ki és majdnem 70%-át a szolgáltatási szektor. Ez utóbbin belül a kereskedelem, a közlekedési és a kommunikációs szektorok GDP-aránya magasabb az európai országok átlagáénál.<br />
</span><span lang="HU">A mediterráneum szívében elhelyezkedő Olaszország fontos csomópont a közúti, tengeri és légi összeköttetésben Észak és Dél-Európa között.<br />
</span><span lang="HU">Az olasz piac mintegy 60 milliós fogyasztójával számtalan lehetőséget kínál a terjeszkedő vállalatoknak.<br />
</span><span lang="HU">Stratégiai elhelyezkedésének köszönhetően Olaszországból könnyen elérhető az Európai Unió 396 milliónyi és Észak-Afrika, valamint a Közel-Kelet 240 milliónyi fogyasztója.<br />
</span><span lang="HU">Olaszország vezető szerepet szerzett magának (az európai piac 11%-át elfoglalva) mintegy 65 milliárd eurós forgalommal.<br />
</span><span lang="HU">Európában Olaszország, ami a biotechnológiai ágazatot illeti, az első helyen szerepel, mivel erre a területre való betelepedésre fordított költségek itt a legalacsonyabbak, a második helyen található a K+F, a vegyészet és az elektronika területén folytatott terméktesztek miatt.</span></p>

Olaszország, a GDP értéke szerint, az OECD országok között a 6. helyen, az európai országok között a 4. helyen található. Az olaszországi termelés az Európai Unió GDP-jének több, mint 13%-t teszi ki. A gazdaság szerkezetét tekintve az olasz gazdaság hasonló a főbb európai országok gazdaságának felépítéséhez, a gazdaság 27,7%-át a feldolgozó- és építőipar teszi ki [&hellip;]
