{"id":165,"date":"2023-09-25T15:18:30","date_gmt":"2023-09-25T13:18:30","guid":{"rendered":"https:\/\/ambbudapest.esteri.it\/chi-siamo\/contatti\/"},"modified":"2026-03-06T09:58:23","modified_gmt":"2026-03-06T08:58:23","slug":"contatti","status":"publish","type":"page","link":"https:\/\/ambbudapest.esteri.it\/hu\/chi-siamo\/contatti\/","title":{"rendered":"Kapcsolat"},"content":{"rendered":"<p><strong>Budapesti Olasz Nagyk\u00f6vets\u00e9g<\/strong><br \/>\nStef\u00e1nia \u00fat 95.<br \/>\n1143 Budapest<br \/>\ntel: +36.1.4606-200<br \/>\nfax: +36.1.4606.260<br \/>\nE-mail:\u00a0<a href=\"mailto:ambasciata.budapest@esteri.it\">ambasciata.budapest@esteri.it<\/a><br \/>\nHitelestett e-mail:\u00a0<a href=\"mailto:amb.budapest@cert.esteri.it\">amb.budapest@cert.esteri.it<\/a>\u00a0\u00a0<strong>(el\u00e9rhet\u0151s\u00e9geink k\u00f6z\u00fcl\u00a0<\/strong><strong>hiteles\u00edtett e-mail fogad\u00e1s\u00e1ra<\/strong><strong>\u00a0alkalmas c\u00edm)<\/strong><br \/>\n<a href=\"https:\/\/www.google.com\/maps?f=q&amp;hl=it&amp;geocode&amp;time&amp;date&amp;ttype&amp;q=Budapest,+Stef%C3%A1ni+%C3%BAt+95&amp;sll=47.509056,19.100547&amp;sspn=0.01374,0.029182&amp;ie=UTF8&amp;om=0&amp;ll=47.509432,19.094388&amp;spn=0.00687,0.014591&amp;z=16&amp;iwloc=addr\">Mutasd a t\u00e9rk\u00e9pen<\/a><\/p>\n<p>&nbsp;<\/p>\n<p><strong>Konzul\u00e1tus<\/strong><\/p>\n<p>C\u00edm:<br \/>\nJ\u00e1vor u. 4.<br \/>\n1145 Budapest<br \/>\n<a href=\"http:\/\/maps.google.com\/maps?f=q&amp;hl=it&amp;geocode=&amp;time=&amp;date=&amp;ttype=&amp;q=Budapest,%20J%C3%A1vor%20utca%204&amp;sll=47.509432,19.094388&amp;sspn=0.00687,0.014591&amp;ie=UTF8&amp;ll=47.509983,19.094646&amp;spn=0.00687,0.014591&amp;z=16&amp;iwloc=addr&amp;om=0\">Mutasd a t\u00e9rk\u00e9pet Google Maps-en<\/a><\/p>\n<p><strong>\u00dcgyf\u00e9lfogad\u00e1si id\u0151<\/strong><\/p>\n<p>H\u00e9tf\u0151 \u2013 Kedd \u2013 Cs\u00fct\u00f6rt\u00f6k \u2013 P\u00e9ntek: 09.00\u201312.00<br \/>\nH\u00e9tf\u0151: 13:30-15:30<br \/>\nSzerda: Z\u00c1RVA<\/p>\n<p>Munkaid\u0151ben telefonon 9:00 \u00e9s 10:30 k\u00f6z\u00f6tt \u00e9rhet\u0151 el a hivatal.<\/p>\n<p>A Konzul\u00e1tus vezet\u0151je:\u00a0Diego RANDAZZO tan\u00e1csos<br \/>\nTelefon +36.1.4606-200<br \/>\nFax: +36.1.4606-290<br \/>\nE-mail:\u00a0<a href=\"mailto:consolare.ambbudapest@esteri.it\">consolare.budapest@esteri.it<\/a><br \/>\nHitelestett e-mail:\u00a0<a href=\"mailto:amb.budapest.consolare@cert.esteri.it\">amb.budapest.consolare@cert.esteri.it<\/a>\u00a0<strong>(el\u00e9rhet\u0151s\u00e9geink k\u00f6z\u00fcl hiteles\u00edtett e-mail fogad\u00e1s\u00e1ra alkalmas c\u00edm)<\/strong><br \/>\nHitelestett e-mail &#8211; \u00fatlev\u00e9l int\u00e9z\u00e9s\u00e9hez:\u00a0<a href=\"mailto:amb.budapest.pass@cert.esteri.it\">amb.budapest.pass@cert.esteri.it<\/a>\u00a0\u00a0<strong>(el\u00e9rhet\u0151s\u00e9geink k\u00f6z\u00fcl hiteles\u00edtett e-mail fogad\u00e1s\u00e1ra alkalmas c\u00edm)<\/strong><\/p>\n<p>&nbsp;<\/p>\n<p><strong>Hivatalok<\/strong><\/p>\n<p><strong>Nagyk\u00f6vet<\/strong><br \/>\n\u0150exc. Giuseppe SCOGNAMIGLIO<br \/>\ntel: +36.1.4606.200<br \/>\nE-mail: <a href=\"mailto:ambasciata.budapest@esteri.it\">ambasciata.budapest@esteri.it<\/a><\/p>\n<p><strong>Politikai oszt\u00e1ly<\/strong><br \/>\nDiego RANDAZZO\u00a0tan\u00e1csos<br \/>\ntel: +36.1.4606-200<br \/>\nfax: +36.1.4606-260<br \/>\nE-mail:\u00a0<a href=\"mailto:ambasciata.budapest@esteri.it\">ambasciata.budapest@esteri.it<\/a><\/p>\n<p><strong>Gazdas\u00e1gi-kereskedelmi oszt\u00e1ly<br \/>\n<\/strong>Gazdas\u00e1gi-kereskedelmi oszt\u00e1ly vezet\u0151je: Raffaella LA TORRE<br \/>\ntel: +36.1.4606-200<br \/>\nfax: +36.1.4606-260<br \/>\nE-mail:\u00a0<a href=\"mailto:commerciale.ambbudapest@esteri.it\">budapest.commerciale@esteri.it<br \/>\n<\/a><\/p>\n<p><strong>Adminisztr\u00e1ci\u00f3s oszt\u00e1ly<br \/>\n<\/strong>Adminisztr\u00e1ci\u00f3s oszt\u00e1ly vezet\u0151je: Angela DORIA<br \/>\ntel: +36.1.4606-200<br \/>\nfax: +36.1.4606-280<br \/>\nE-mail:\u00a0<a href=\"mailto:amministrativo.ambbudapest@esteri.it\">amministrativo.ambbudapest@esteri.it<\/a><\/p>\n<p><strong>Sajt\u00f3oszt\u00e1ly<\/strong><br \/>\nDiego RANDAZZO\u00a0tan\u00e1csos<br \/>\ntel: +36.1.4606.200<br \/>\nfax: +36.1.4606.260<br \/>\n<a href=\"mailto:ambasciata.budapest@esteri.it\">ambasciata.budapest@esteri.it<\/a><\/p>\n<p><strong>Olasz Kult\u00farint\u00e9zet<\/strong><br \/>\nIgazgat\u00f3: Gabriele LA POSTA<br \/>\n1088 Budapest<br \/>\nBr\u00f3dy S. u. 8.<br \/>\nTel. +36.1.483 2040<br \/>\nFax. +36.1.317 6653<br \/>\nWeb:\u00a0<a href=\"http:\/\/www.iicbudapest.esteri.it\/\">http:\/\/www.iicbudapest.esteri.it\/<\/a><br \/>\ne-mail:\u00a0<a href=\"mailto:iicbudapest@esteri.it\">iicbudapest@esteri.it<\/a><br \/>\n<a href=\"https:\/\/www.google.com\/maps\/place\/Budapest,+Br%C3%B3dy+S%C3%A1ndor+u.+8,+1088+Magyarorsz%C3%A1g\/@47.4921969,19.0606037,17z\/data=!3m1!4b1!4m2!3m1!1s0x4741dc5ca720e701:0xb38148405848f211?hl=hu\">Mutasd a t\u00e9rk\u00e9pen<\/a><\/p>\n<p><strong>Olasz K\u00fclkereskedelmi Int\u00e9zet<\/strong><br \/>\nIgazgat\u00f3:\u00a0Giovanna CHIAPPINI CARPENA<br \/>\n1143 Budapest<br \/>\nStef\u00e1nia \u00fat 95.<br \/>\nTel: + 36.1.2667555<br \/>\nFax: +36.1.2660171<br \/>\nWeb:\u00a0<a href=\"http:\/\/www.ice.gov.it\/paesi\/europa\/ungheria\/ufficio.htm\">http:\/\/www.ice.gov.it\/paesi\/europa\/ungheria\/ufficio.htm<\/a><br \/>\nE-mail:\u00a0<a href=\"mailto:budapest@ice.it\">budapest@ice.it<\/a><br \/>\n<a href=\"https:\/\/maps.app.goo.gl\/ZDrCUbjoat7chFJV8\">Mutasd a t\u00e9rk\u00e9pen<\/a><\/p>\n<p><strong>Tiszteletbeli konzulok<\/strong><\/p>\n<p><strong>Ny\u00edregyh\u00e1zi Tiszteletbeli Konzuli K\u00e9pviselet<\/strong><\/p>\n<p><strong>Tiszteletbeli Konzul<\/strong><\/p>\n<p>SARCI\u00c0 Roberto<br \/>\nC\u00edm:<br \/>\nSz\u00e9chenyi utca 2. II. em.<br \/>\n4400 Ny\u00edregyh\u00e1za<br \/>\n<a href=\"http:\/\/maps.google.com\/maps?f=q&amp;hl=it&amp;geocode=&amp;time=&amp;date=&amp;ttype=&amp;q=Ny%C3%ADregyh%C3%A1za,%20Sz%C3%A9chenyi%20utca%202&amp;sll=46.252954,20.140386&amp;sspn=0.004125,0.005322&amp;ie=UTF8&amp;ll=47.953921,21.71452&amp;spn=0.013624,0.029182&amp;z=15&amp;iwloc=addr&amp;om=0\">Mutasd a t\u00e9rk\u00e9pen<br \/>\n<\/a>Telefono:\u00a0<strong>+36309429553<\/strong><br \/>\nE-mail: nyiregyhaza.onorario@esteri.it<\/p>\n<p><strong>P\u00e9csi Helyettes Tiszteletbeli Konzul K\u00e9pviselet<\/strong><\/p>\n<p><strong>Helyettes Tiszteletbeli Konzul<\/strong><br \/>\nH\u00c1HN-WITTENBERGER Rita<br \/>\nC\u00edm:<br \/>\nDr. Majorossy Imre utca 3.<br \/>\nH-7621 P\u00e9cs<br \/>\n<a href=\"https:\/\/www.google.de\/maps\/place\/P%C3%A9cs,+Majorossy+Imre+u.+3,+7621+Magyarorsz%C3%A1g\/@46.0777007,18.232821,17z\/data=!3m1!4b1!4m5!3m4!1s0x4742b10a75ec240f:0xc06ec718efdd14c6!8m2!3d46.077697!4d18.2350097?hl=hu\">Mutasd a t\u00e9rk\u00e9pen<\/a><br \/>\nTelefono: 36.30.2531.302<br \/>\nFax: 36.72.786.732<br \/>\nE-mail: pecs.onorario@esteri.it<\/p>\n","protected":false},"excerpt":{"rendered":"Budapesti Olasz Nagyk\u00f6vets\u00e9g Stef\u00e1nia \u00fat 95. 1143 Budapest tel: +36.1.4606-200 fax: +36.1.4606.260 E-mail:\u00a0ambasciata.budapest@esteri.it Hitelestett e-mail:\u00a0amb.budapest@cert.esteri.it\u00a0\u00a0(el\u00e9rhet\u0151s\u00e9geink k\u00f6z\u00fcl\u00a0hiteles\u00edtett e-mail fogad\u00e1s\u00e1ra\u00a0alkalmas c\u00edm) Mutasd a t\u00e9rk\u00e9pen &nbsp; Konzul\u00e1tus C\u00edm: J\u00e1vor u. 4. 1145 Budapest Mutasd a t\u00e9rk\u00e9pet Google Maps-en \u00dcgyf\u00e9lfogad\u00e1si id\u0151 H\u00e9tf\u0151 \u2013 Kedd \u2013 Cs\u00fct\u00f6rt\u00f6k \u2013 P\u00e9ntek: 09.00\u201312.00 H\u00e9tf\u0151: 13:30-15:30 Szerda: Z\u00c1RVA Munkaid\u0151ben telefonon 9:00 \u00e9s 10:30 k\u00f6z\u00f6tt [&hellip;]","protected":false},"author":1,"featured_media":0,"parent":162,"menu_order":4,"comment_status":"closed","ping_status":"closed","template":"","meta":{"footnotes":""},"class_list":["post-165","page","type-page","status-publish","hentry"],"_links":{"self":[{"href":"https:\/\/ambbudapest.esteri.it\/hu\/wp-json\/wp\/v2\/pages\/165","targetHints":{"allow":["GET"]}}],"collection":[{"href":"https:\/\/ambbudapest.esteri.it\/hu\/wp-json\/wp\/v2\/pages"}],"about":[{"href":"https:\/\/ambbudapest.esteri.it\/hu\/wp-json\/wp\/v2\/types\/page"}],"author":[{"embeddable":true,"href":"https:\/\/ambbudapest.esteri.it\/hu\/wp-json\/wp\/v2\/users\/1"}],"replies":[{"embeddable":true,"href":"https:\/\/ambbudapest.esteri.it\/hu\/wp-json\/wp\/v2\/comments?post=165"}],"version-history":[{"count":6,"href":"https:\/\/ambbudapest.esteri.it\/hu\/wp-json\/wp\/v2\/pages\/165\/revisions"}],"predecessor-version":[{"id":4258,"href":"https:\/\/ambbudapest.esteri.it\/hu\/wp-json\/wp\/v2\/pages\/165\/revisions\/4258"}],"up":[{"embeddable":true,"href":"https:\/\/ambbudapest.esteri.it\/hu\/wp-json\/wp\/v2\/pages\/162"}],"wp:attachment":[{"href":"https:\/\/ambbudapest.esteri.it\/hu\/wp-json\/wp\/v2\/media?parent=165"}],"curies":[{"name":"wp","href":"https:\/\/api.w.org\/{rel}","templated":true}]}}

<p><strong>Budapesti Olasz Nagykövetség</strong><br />
Stefánia út 95.<br />
1143 Budapest<br />
tel: +36.1.4606-200<br />
fax: +36.1.4606.260<br />
E-mail: <a href="mailto:ambasciata.budapest@esteri.it">ambasciata.budapest@esteri.it</a><br />
Hitelestett e-mail: <a href="mailto:amb.budapest@cert.esteri.it">amb.budapest@cert.esteri.it</a>  <strong>(elérhetőségeink közül </strong><strong>hitelesített e-mail fogadására</strong><strong> alkalmas cím)</strong><br />
<a href="https://www.google.com/maps?f=q&amp;hl=it&amp;geocode&amp;time&amp;date&amp;ttype&amp;q=Budapest,+Stef%C3%A1ni+%C3%BAt+95&amp;sll=47.509056,19.100547&amp;sspn=0.01374,0.029182&amp;ie=UTF8&amp;om=0&amp;ll=47.509432,19.094388&amp;spn=0.00687,0.014591&amp;z=16&amp;iwloc=addr">Mutasd a térképen</a></p>
<p>&nbsp;</p>
<p><strong>Konzulátus</strong></p>
<p>Cím:<br />
Jávor u. 4.<br />
1145 Budapest<br />
<a href="http://maps.google.com/maps?f=q&amp;hl=it&amp;geocode=&amp;time=&amp;date=&amp;ttype=&amp;q=Budapest,%20J%C3%A1vor%20utca%204&amp;sll=47.509432,19.094388&amp;sspn=0.00687,0.014591&amp;ie=UTF8&amp;ll=47.509983,19.094646&amp;spn=0.00687,0.014591&amp;z=16&amp;iwloc=addr&amp;om=0">Mutasd a térképet Google Maps-en</a></p>
<p><strong>Ügyfélfogadási idő</strong></p>
<p>Hétfő – Kedd – Csütörtök – Péntek: 09.00–12.00<br />
Hétfő: 13:30-15:30<br />
Szerda: ZÁRVA</p>
<p>Munkaidőben telefonon 9:00 és 10:30 között érhető el a hivatal.</p>
<p>A Konzulátus vezetője: Diego RANDAZZO tanácsos<br />
Telefon +36.1.4606-200<br />
Fax: +36.1.4606-290<br />
E-mail: <a href="mailto:consolare.ambbudapest@esteri.it">consolare.budapest@esteri.it</a><br />
Hitelestett e-mail: <a href="mailto:amb.budapest.consolare@cert.esteri.it">amb.budapest.consolare@cert.esteri.it</a> <strong>(elérhetőségeink közül hitelesített e-mail fogadására alkalmas cím)</strong><br />
Hitelestett e-mail &#8211; útlevél intézéséhez: <a href="mailto:amb.budapest.pass@cert.esteri.it">amb.budapest.pass@cert.esteri.it</a>  <strong>(elérhetőségeink közül hitelesített e-mail fogadására alkalmas cím)</strong></p>
<p>&nbsp;</p>
<p><strong>Hivatalok</strong></p>
<p><strong>Nagykövet</strong><br />
Őexc. Giuseppe SCOGNAMIGLIO<br />
tel: +36.1.4606.200<br />
E-mail: <a href="mailto:ambasciata.budapest@esteri.it">ambasciata.budapest@esteri.it</a></p>
<p><strong>Politikai osztály</strong><br />
Diego RANDAZZO tanácsos<br />
tel: +36.1.4606-200<br />
fax: +36.1.4606-260<br />
E-mail: <a href="mailto:ambasciata.budapest@esteri.it">ambasciata.budapest@esteri.it</a></p>
<p><strong>Gazdasági-kereskedelmi osztály<br />
</strong>Gazdasági-kereskedelmi osztály vezetője: Raffaella LA TORRE<br />
tel: +36.1.4606-200<br />
fax: +36.1.4606-260<br />
E-mail: <a href="mailto:commerciale.ambbudapest@esteri.it">budapest.commerciale@esteri.it<br />
</a></p>
<p><strong>Adminisztrációs osztály<br />
</strong>Adminisztrációs osztály vezetője: Angela DORIA<br />
tel: +36.1.4606-200<br />
fax: +36.1.4606-280<br />
E-mail: <a href="mailto:amministrativo.ambbudapest@esteri.it">amministrativo.ambbudapest@esteri.it</a></p>
<p><strong>Sajtóosztály</strong><br />
Diego RANDAZZO tanácsos<br />
tel: +36.1.4606.200<br />
fax: +36.1.4606.260<br />
<a href="mailto:ambasciata.budapest@esteri.it">ambasciata.budapest@esteri.it</a></p>
<p><strong>Olasz Kultúrintézet</strong><br />
Igazgató: Gabriele LA POSTA<br />
1088 Budapest<br />
Bródy S. u. 8.<br />
Tel. +36.1.483 2040<br />
Fax. +36.1.317 6653<br />
Web: <a href="http://www.iicbudapest.esteri.it/">http://www.iicbudapest.esteri.it/</a><br />
e-mail: <a href="mailto:iicbudapest@esteri.it">iicbudapest@esteri.it</a><br />
<a href="https://www.google.com/maps/place/Budapest,+Br%C3%B3dy+S%C3%A1ndor+u.+8,+1088+Magyarorsz%C3%A1g/@47.4921969,19.0606037,17z/data=!3m1!4b1!4m2!3m1!1s0x4741dc5ca720e701:0xb38148405848f211?hl=hu">Mutasd a térképen</a></p>
<p><strong>Olasz Külkereskedelmi Intézet</strong><br />
Igazgató: Giovanna CHIAPPINI CARPENA<br />
1143 Budapest<br />
Stefánia út 95.<br />
Tel: + 36.1.2667555<br />
Fax: +36.1.2660171<br />
Web: <a href="http://www.ice.gov.it/paesi/europa/ungheria/ufficio.htm">http://www.ice.gov.it/paesi/europa/ungheria/ufficio.htm</a><br />
E-mail: <a href="mailto:budapest@ice.it">budapest@ice.it</a><br />
<a href="https://maps.app.goo.gl/ZDrCUbjoat7chFJV8">Mutasd a térképen</a></p>
<p><strong>Tiszteletbeli konzulok</strong></p>
<p><strong>Nyíregyházi Tiszteletbeli Konzuli Képviselet</strong></p>
<p><strong>Tiszteletbeli Konzul</strong></p>
<p>SARCIÀ Roberto<br />
Cím:<br />
Széchenyi utca 2. II. em.<br />
4400 Nyíregyháza<br />
<a href="http://maps.google.com/maps?f=q&amp;hl=it&amp;geocode=&amp;time=&amp;date=&amp;ttype=&amp;q=Ny%C3%ADregyh%C3%A1za,%20Sz%C3%A9chenyi%20utca%202&amp;sll=46.252954,20.140386&amp;sspn=0.004125,0.005322&amp;ie=UTF8&amp;ll=47.953921,21.71452&amp;spn=0.013624,0.029182&amp;z=15&amp;iwloc=addr&amp;om=0">Mutasd a térképen<br />
</a>Telefono: <strong>+36309429553</strong><br />
E-mail: nyiregyhaza.onorario@esteri.it</p>
<p><strong>Pécsi Helyettes Tiszteletbeli Konzul Képviselet</strong></p>
<p><strong>Helyettes Tiszteletbeli Konzul</strong><br />
HÁHN-WITTENBERGER Rita<br />
Cím:<br />
Dr. Majorossy Imre utca 3.<br />
H-7621 Pécs<br />
<a href="https://www.google.de/maps/place/P%C3%A9cs,+Majorossy+Imre+u.+3,+7621+Magyarorsz%C3%A1g/@46.0777007,18.232821,17z/data=!3m1!4b1!4m5!3m4!1s0x4742b10a75ec240f:0xc06ec718efdd14c6!8m2!3d46.077697!4d18.2350097?hl=hu">Mutasd a térképen</a><br />
Telefono: 36.30.2531.302<br />
Fax: 36.72.786.732<br />
E-mail: pecs.onorario@esteri.it</p>

Budapesti Olasz Nagykövetség Stefánia út 95. 1143 Budapest tel: +36.1.4606-200 fax: +36.1.4606.260 E-mail: ambasciata.budapest@esteri.it Hitelestett e-mail: amb.budapest@cert.esteri.it  (elérhetőségeink közül hitelesített e-mail fogadására alkalmas cím) Mutasd a térképen &nbsp; Konzulátus Cím: Jávor u. 4. 1145 Budapest Mutasd a térképet Google Maps-en Ügyfélfogadási idő Hétfő – Kedd – Csütörtök – Péntek: 09.00–12.00 Hétfő: 13:30-15:30 Szerda: ZÁRVA Munkaidőben telefonon 9:00 és 10:30 között [&hellip;]
