{"id":162,"date":"2023-04-11T17:07:36","date_gmt":"2023-04-11T15:07:36","guid":{"rendered":"https:\/\/ambbudapest.esteri.it\/chi-siamo\/"},"modified":"2024-10-15T09:18:31","modified_gmt":"2024-10-15T07:18:31","slug":"chi-siamo","status":"publish","type":"page","link":"https:\/\/ambbudapest.esteri.it\/hu\/chi-siamo\/","title":{"rendered":"Kik vagyunk"},"content":{"rendered":"<p>\u00dcdv\u00f6z\u00f6lj\u00fck a budapesti olasz nagyk\u00f6vets\u00e9g hivatalos honlapj\u00e1n.<\/p>\n<p>Szolg\u00e1ltat\u00e1saink \u00e9s kezdem\u00e9nyez\u00e9seink megismer\u00e9se \u00e9rdek\u00e9ben, k\u00e9rj\u00fck, keresse fel honlapunk aloldalait.<\/p>\n<p>Tov\u00e1bbi inform\u00e1ci\u00f3\u00e9rt a \u201e<a href=\"https:\/\/ambbudapest.esteri.it\/hu\/chi-siamo\/contatti\/\">Kapcsolat<\/a>\u201d r\u00e9szben megadott telefonsz\u00e1mokon \u00e9s e-mail c\u00edmeken l\u00e9phet vel\u00fcnk kapcsolatba.<\/p>\n<p>&nbsp;<\/p>\n","protected":false},"excerpt":{"rendered":"\u00dcdv\u00f6z\u00f6lj\u00fck a budapesti olasz nagyk\u00f6vets\u00e9g hivatalos honlapj\u00e1n. Szolg\u00e1ltat\u00e1saink \u00e9s kezdem\u00e9nyez\u00e9seink megismer\u00e9se \u00e9rdek\u00e9ben, k\u00e9rj\u00fck, keresse fel honlapunk aloldalait. Tov\u00e1bbi inform\u00e1ci\u00f3\u00e9rt a \u201eKapcsolat\u201d r\u00e9szben megadott telefonsz\u00e1mokon \u00e9s e-mail c\u00edmeken l\u00e9phet vel\u00fcnk kapcsolatba. &nbsp;","protected":false},"author":1,"featured_media":0,"parent":0,"menu_order":2,"comment_status":"closed","ping_status":"closed","template":"","meta":{"footnotes":""},"class_list":["post-162","page","type-page","status-publish","hentry"],"_links":{"self":[{"href":"https:\/\/ambbudapest.esteri.it\/hu\/wp-json\/wp\/v2\/pages\/162","targetHints":{"allow":["GET"]}}],"collection":[{"href":"https:\/\/ambbudapest.esteri.it\/hu\/wp-json\/wp\/v2\/pages"}],"about":[{"href":"https:\/\/ambbudapest.esteri.it\/hu\/wp-json\/wp\/v2\/types\/page"}],"author":[{"embeddable":true,"href":"https:\/\/ambbudapest.esteri.it\/hu\/wp-json\/wp\/v2\/users\/1"}],"replies":[{"embeddable":true,"href":"https:\/\/ambbudapest.esteri.it\/hu\/wp-json\/wp\/v2\/comments?post=162"}],"version-history":[{"count":2,"href":"https:\/\/ambbudapest.esteri.it\/hu\/wp-json\/wp\/v2\/pages\/162\/revisions"}],"predecessor-version":[{"id":2584,"href":"https:\/\/ambbudapest.esteri.it\/hu\/wp-json\/wp\/v2\/pages\/162\/revisions\/2584"}],"wp:attachment":[{"href":"https:\/\/ambbudapest.esteri.it\/hu\/wp-json\/wp\/v2\/media?parent=162"}],"curies":[{"name":"wp","href":"https:\/\/api.w.org\/{rel}","templated":true}]}}

<p>Üdvözöljük a budapesti olasz nagykövetség hivatalos honlapján.</p>
<p>Szolgáltatásaink és kezdeményezéseink megismerése érdekében, kérjük, keresse fel honlapunk aloldalait.</p>
<p>További információért a „<a href="https://ambbudapest.esteri.it/hu/chi-siamo/contatti/">Kapcsolat</a>” részben megadott telefonszámokon és e-mail címeken léphet velünk kapcsolatba.</p>
<p>&nbsp;</p>

Üdvözöljük a budapesti olasz nagykövetség hivatalos honlapján. Szolgáltatásaink és kezdeményezéseink megismerése érdekében, kérjük, keresse fel honlapunk aloldalait. További információért a „Kapcsolat” részben megadott telefonszámokon és e-mail címeken léphet velünk kapcsolatba. &nbsp;
